CRAN Package Check Results for Package webmorphR

Last updated on 2022-11-28 05:06:25 CET.

Flavor Version Tinstall Tcheck Ttotal Status Flags
r-devel-linux-x86_64-debian-clang 0.1.1 9.90 281.28 291.18 OK
r-devel-linux-x86_64-debian-gcc 0.1.1 6.70 158.04 164.74 OK
r-devel-linux-x86_64-fedora-clang 0.1.1 344.04 NOTE
r-devel-linux-x86_64-fedora-gcc 0.1.1 266.59 OK
r-devel-windows-x86_64 0.1.1 54.00 229.00 283.00 OK
r-patched-linux-x86_64 0.1.1 9.70 197.08 206.78 OK
r-release-linux-x86_64 0.1.1 7.54 201.94 209.48 OK
r-release-macos-arm64 0.1.1 62.00 OK
r-release-macos-x86_64 0.1.1 99.00 OK
r-release-windows-x86_64 0.1.1 73.00 216.00 289.00 OK
r-oldrel-macos-arm64 0.1.1 60.00 OK
r-oldrel-macos-x86_64 0.1.1 98.00 OK
r-oldrel-windows-ix86+x86_64 0.1.1 21.00 224.00 245.00 OK

Check Details

Version: 0.1.1
Check: Rd cross-references
Result: NOTE
    Undeclared package ‘purrr’ in Rd xrefs
Flavor: r-devel-linux-x86_64-fedora-clang