CRAN Package Check Results for Package webglobe

Last updated on 2020-04-01 12:47:39 CEST.

Flavor Version Tinstall Tcheck Ttotal Status Flags
r-devel-linux-x86_64-debian-clang 1.0.2 9.28 76.43 85.71 OK
r-devel-linux-x86_64-debian-gcc 1.0.2 8.10 60.39 68.49 OK
r-devel-linux-x86_64-fedora-clang 1.0.2 84.64 NOTE
r-devel-linux-x86_64-fedora-gcc 1.0.2 82.56 OK
r-devel-windows-ix86+x86_64 1.0.2 39.00 95.00 134.00 NOTE
r-devel-windows-ix86+x86_64-gcc8 1.0.2 34.00 107.00 141.00 NOTE
r-patched-linux-x86_64 1.0.2 9.27 74.45 83.72 OK
r-patched-solaris-x86 1.0.2 168.50 NOTE
r-release-linux-x86_64 1.0.2 8.64 71.15 79.79 OK
r-release-windows-ix86+x86_64 1.0.2 29.00 110.00 139.00 NOTE
r-release-osx-x86_64 1.0.2 NOTE
r-oldrel-windows-ix86+x86_64 1.0.2 52.00 153.00 205.00 NOTE
r-oldrel-osx-x86_64 1.0.2 NOTE

Check Details

Version: 1.0.2
Check: installed package size
Result: NOTE
     installed size is 10.8Mb
     sub-directories of 1Mb or more:
     client 9.6Mb
     doc 1.0Mb
Flavors: r-devel-linux-x86_64-fedora-clang, r-devel-windows-ix86+x86_64, r-devel-windows-ix86+x86_64-gcc8, r-patched-solaris-x86, r-release-windows-ix86+x86_64, r-release-osx-x86_64, r-oldrel-windows-ix86+x86_64, r-oldrel-osx-x86_64