CRAN Package Check Results for Package webSDM

Last updated on 2024-02-23 04:02:17 CET.

Flavor Version Tinstall Tcheck Ttotal Status Flags
r-devel-linux-x86_64-debian-clang 1.1-4 NOTE
r-devel-linux-x86_64-debian-gcc 1.1-4 36.82 468.14 504.96 NOTE
r-devel-linux-x86_64-fedora-clang 1.1-4 892.89 OK
r-devel-linux-x86_64-fedora-gcc 1.1-4 900.74 OK
r-devel-windows-x86_64 1.1-4 40.00 395.00 435.00 OK
r-patched-linux-x86_64 1.1-4 46.04 634.71 680.75 OK
r-release-linux-x86_64 1.1-4 46.59 621.91 668.50 OK
r-release-macos-arm64 1.1-4 211.00 OK
r-release-macos-x86_64 1.1-4 391.00 OK
r-release-windows-x86_64 1.1-4 41.00 525.00 566.00 OK
r-oldrel-macos-arm64 1.1-4 201.00 OK
r-oldrel-windows-x86_64 1.1-4 44.00 510.00 554.00 OK

Check Details

Version: 1.1-4
Check: Rd files
Result: NOTE checkRd: (-1) predict.SDMfit.Rd:23: Lost braces in \itemize; \value handles \item{}{} directly checkRd: (-1) predict.SDMfit.Rd:24: Lost braces in \itemize; \value handles \item{}{} directly Flavors: r-devel-linux-x86_64-debian-clang, r-devel-linux-x86_64-debian-gcc