CRAN Package Check Results for Package weathercan

Last updated on 2019-02-20 11:51:54 CET.

Flavor Version Tinstall Tcheck Ttotal Status Flags
r-devel-linux-x86_64-debian-clang 0.2.8 4.22 158.11 162.33 OK
r-devel-linux-x86_64-debian-gcc 0.2.8 4.29 117.12 121.41 OK
r-devel-linux-x86_64-fedora-clang 0.2.8 185.47 NOTE
r-devel-linux-x86_64-fedora-gcc 0.2.8 177.46 NOTE
r-devel-windows-ix86+x86_64 0.2.8 12.00 270.00 282.00 OK
r-patched-linux-x86_64 0.2.8 OK
r-patched-solaris-x86 0.2.8 216.90 NOTE
r-release-linux-x86_64 0.2.8 4.67 127.05 131.72 OK
r-release-windows-ix86+x86_64 0.2.8 8.00 248.00 256.00 OK
r-release-osx-x86_64 0.2.8 NOTE
r-oldrel-windows-ix86+x86_64 0.2.8 8.00 225.00 233.00 OK
r-oldrel-osx-x86_64 0.2.8 NOTE

Check Details

Version: 0.2.8
Check: dependencies in R code
Result: NOTE
    Namespace in Imports field not imported from: ‘xml2’
     All declared Imports should be used.
Flavors: r-devel-linux-x86_64-fedora-clang, r-devel-linux-x86_64-fedora-gcc, r-patched-solaris-x86, r-release-osx-x86_64, r-oldrel-osx-x86_64

Version: 0.2.8
Check: data for non-ASCII characters
Result: NOTE
     Note: found 25 marked UTF-8 strings
Flavors: r-devel-linux-x86_64-fedora-clang, r-devel-linux-x86_64-fedora-gcc, r-patched-solaris-x86, r-release-osx-x86_64, r-oldrel-osx-x86_64