CRAN Package Check Results for Package weathercan

Last updated on 2019-04-25 21:52:14 CEST.

Flavor Version Tinstall Tcheck Ttotal Status Flags
r-devel-linux-x86_64-debian-clang 0.2.8 5.66 156.00 161.66 OK
r-devel-linux-x86_64-debian-gcc 0.2.8 4.72 115.51 120.23 OK
r-devel-linux-x86_64-fedora-clang 0.2.8 190.19 NOTE
r-devel-linux-x86_64-fedora-gcc 0.2.8 174.15 NOTE
r-devel-windows-ix86+x86_64 0.2.8 14.00 270.00 284.00 OK
r-patched-linux-x86_64 0.2.8 4.97 152.01 156.98 OK
r-patched-solaris-x86 0.2.8 239.80 NOTE
r-release-linux-x86_64 0.2.8 3.35 133.68 137.03 OK
r-release-windows-ix86+x86_64 0.2.8 7.00 249.00 256.00 OK
r-release-osx-x86_64 0.2.8 NOTE
r-oldrel-windows-ix86+x86_64 0.2.8 6.00 226.00 232.00 OK
r-oldrel-osx-x86_64 0.2.8 NOTE

Check Details

Version: 0.2.8
Check: dependencies in R code
Result: NOTE
    Namespace in Imports field not imported from: ‘xml2’
     All declared Imports should be used.
Flavors: r-devel-linux-x86_64-fedora-clang, r-devel-linux-x86_64-fedora-gcc, r-patched-solaris-x86, r-release-osx-x86_64, r-oldrel-osx-x86_64

Version: 0.2.8
Check: data for non-ASCII characters
Result: NOTE
     Note: found 25 marked UTF-8 strings
Flavors: r-devel-linux-x86_64-fedora-clang, r-devel-linux-x86_64-fedora-gcc, r-patched-solaris-x86, r-release-osx-x86_64, r-oldrel-osx-x86_64