CRAN Package Check Results for Package weathercan

Last updated on 2019-08-24 08:50:05 CEST.

Flavor Version Tinstall Tcheck Ttotal Status Flags
r-devel-linux-x86_64-debian-clang 0.2.8 5.47 154.61 160.08 OK
r-devel-linux-x86_64-debian-gcc 0.2.8 4.78 116.91 121.69 OK
r-devel-linux-x86_64-fedora-clang 0.2.8 187.09 NOTE
r-devel-linux-x86_64-fedora-gcc 0.2.8 191.81 NOTE
r-devel-windows-ix86+x86_64 0.2.8 11.00 212.00 223.00 OK
r-patched-linux-x86_64 0.2.8 5.38 150.82 156.20 OK
r-patched-solaris-x86 0.2.8 230.00 NOTE
r-release-linux-x86_64 0.2.8 5.29 152.26 157.55 OK
r-release-windows-ix86+x86_64 0.2.8 20.00 373.00 393.00 OK
r-release-osx-x86_64 0.2.8 NOTE
r-oldrel-windows-ix86+x86_64 0.2.8 14.00 245.00 259.00 OK
r-oldrel-osx-x86_64 0.2.8 NOTE

Check Details

Version: 0.2.8
Check: dependencies in R code
Result: NOTE
    Namespace in Imports field not imported from: ‘xml2’
     All declared Imports should be used.
Flavors: r-devel-linux-x86_64-fedora-clang, r-devel-linux-x86_64-fedora-gcc, r-patched-solaris-x86, r-release-osx-x86_64, r-oldrel-osx-x86_64

Version: 0.2.8
Check: data for non-ASCII characters
Result: NOTE
     Note: found 25 marked UTF-8 strings
Flavors: r-devel-linux-x86_64-fedora-clang, r-devel-linux-x86_64-fedora-gcc, r-patched-solaris-x86, r-release-osx-x86_64, r-oldrel-osx-x86_64