Last updated on 2023-03-29 10:53:27 CEST.
Flavor | Version | Tinstall | Tcheck | Ttotal | Status | Flags |
---|---|---|---|---|---|---|
r-devel-linux-x86_64-debian-clang | 1.0.0 | 115.26 | 188.86 | 304.12 | NOTE | |
r-devel-linux-x86_64-debian-gcc | 1.0.0 | 87.98 | 135.28 | 223.26 | NOTE | |
r-devel-linux-x86_64-fedora-clang | 1.0.0 | 416.97 | NOTE | |||
r-devel-linux-x86_64-fedora-gcc | 1.0.0 | 370.78 | NOTE | |||
r-patched-linux-x86_64 | 1.0.0 | 94.80 | 171.81 | 266.61 | NOTE | |
r-release-linux-x86_64 | 1.0.0 | 94.74 | 167.28 | 262.02 | OK | |
r-release-macos-arm64 | 1.0.0 | 85.00 | OK | |||
r-release-macos-x86_64 | 1.0.0 | 131.00 | OK | |||
r-release-windows-x86_64 | 1.0.0 | 101.00 | 232.00 | 333.00 | OK | |
r-oldrel-macos-arm64 | 1.0.0 | 81.00 | OK | |||
r-oldrel-macos-x86_64 | 1.0.0 | 126.00 | ERROR | |||
r-oldrel-windows-ix86+x86_64 | 1.0.0 | 267.00 | 294.00 | 561.00 | OK |
Version: 1.0.0
Check: C++ specification
Result: NOTE
Specified C++11: please drop specification unless essential
Flavors: r-devel-linux-x86_64-debian-clang, r-devel-linux-x86_64-debian-gcc, r-devel-linux-x86_64-fedora-clang, r-devel-linux-x86_64-fedora-gcc, r-patched-linux-x86_64
Version: 1.0.0
Check: tests
Result: ERROR
Running ‘testthat.R’ [15s/15s]
Running the tests in ‘tests/testthat.R’ failed.
Complete output:
> library(testthat)
> library(wdnet)
>
> test_check("wdnet")
*** caught segfault ***
address 0x10ca8fa30, cause 'memory not mapped'
An irrecoverable exception occurred. R is aborting now ...
Flavor: r-oldrel-macos-x86_64