CRAN Package Check Results for Package wdman

Last updated on 2022-06-25 08:52:17 CEST.

Flavor Version Tinstall Tcheck Ttotal Status Flags
r-devel-linux-x86_64-debian-clang 0.2.5 3.76 37.25 41.01 NOTE
r-devel-linux-x86_64-debian-gcc 0.2.5 2.89 28.55 31.44 NOTE
r-devel-linux-x86_64-fedora-clang 0.2.5 62.74 NOTE
r-devel-linux-x86_64-fedora-gcc 0.2.5 57.83 NOTE
r-devel-windows-x86_64 0.2.5 14.00 66.00 80.00 NOTE
r-patched-linux-x86_64 0.2.5 3.43 36.39 39.82 NOTE
r-release-linux-x86_64 0.2.5 3.23 35.84 39.07 NOTE
r-release-macos-arm64 0.2.5 20.00 NOTE
r-release-macos-x86_64 0.2.5 28.00 NOTE
r-release-windows-x86_64 0.2.5 14.00 67.00 81.00 NOTE
r-oldrel-macos-arm64 0.2.5 23.00 NOTE
r-oldrel-macos-x86_64 0.2.5 39.00 NOTE
r-oldrel-windows-ix86+x86_64 0.2.5 9.00 59.00 68.00 NOTE

Check Details

Version: 0.2.5
Check: LazyData
Result: NOTE
     'LazyData' is specified without a 'data' directory
Flavors: r-devel-linux-x86_64-debian-clang, r-devel-linux-x86_64-debian-gcc, r-devel-linux-x86_64-fedora-clang, r-devel-linux-x86_64-fedora-gcc, r-devel-windows-x86_64, r-patched-linux-x86_64, r-release-linux-x86_64, r-release-macos-arm64, r-release-macos-x86_64, r-release-windows-x86_64, r-oldrel-macos-arm64, r-oldrel-macos-x86_64, r-oldrel-windows-ix86+x86_64