CRAN Package Check Results for Package wcde

Last updated on 2022-01-23 18:51:07 CET.

Flavor Version Tinstall Tcheck Ttotal Status Flags
r-devel-linux-x86_64-debian-clang 0.0.3 7.67 64.06 71.73 OK
r-devel-linux-x86_64-debian-gcc 0.0.3 10.29 53.20 63.49 OK
r-devel-linux-x86_64-fedora-clang 0.0.3 91.71 NOTE
r-devel-linux-x86_64-fedora-gcc 0.0.3 87.17 NOTE
r-devel-windows-x86_64-new-UL 0.0.3 38.00 97.00 135.00 OK
r-devel-windows-x86_64-new-TK 0.0.3 NOTE
r-patched-linux-x86_64 0.0.3 9.02 60.67 69.69 OK
r-release-linux-x86_64 0.0.3 7.10 60.32 67.42 OK
r-release-macos-arm64 0.0.3 NOTE
r-release-macos-x86_64 0.0.3 NOTE
r-release-windows-ix86+x86_64 0.0.3 22.00 87.00 109.00 OK
r-oldrel-macos-x86_64 0.0.3 NOTE
r-oldrel-windows-ix86+x86_64 0.0.3 21.00 86.00 107.00 OK

Check Details

Version: 0.0.3
Check: dependencies in R code
Result: NOTE
    Namespace in Imports field not imported from: ‘utils’
     All declared Imports should be used.
Flavors: r-devel-linux-x86_64-fedora-clang, r-devel-linux-x86_64-fedora-gcc, r-devel-windows-x86_64-new-TK, r-release-macos-arm64, r-release-macos-x86_64, r-oldrel-macos-x86_64

Version: 0.0.3
Check: data for non-ASCII characters
Result: NOTE
     Note: found 4413 marked UTF-8 strings
Flavors: r-devel-linux-x86_64-fedora-clang, r-devel-linux-x86_64-fedora-gcc, r-devel-windows-x86_64-new-TK, r-release-macos-arm64, r-release-macos-x86_64, r-oldrel-macos-x86_64