CRAN Package Check Results for Package waywiser

Last updated on 2022-12-08 10:53:35 CET.

Flavor Version Tinstall Tcheck Ttotal Status Flags
r-devel-linux-x86_64-debian-clang 0.2.0 5.61 81.22 86.83 NOTE
r-devel-linux-x86_64-debian-gcc 0.2.0 4.09 62.10 66.19 NOTE
r-devel-linux-x86_64-fedora-clang 0.2.0 126.27 NOTE
r-devel-linux-x86_64-fedora-gcc 0.2.0 124.05 NOTE
r-devel-windows-x86_64 0.2.0 26.00 136.00 162.00 OK
r-patched-linux-x86_64 0.2.0 4.07 73.76 77.83 NOTE
r-release-linux-x86_64 0.2.0 5.50 74.32 79.82 NOTE
r-release-macos-arm64 0.2.0 38.00 OK
r-release-macos-x86_64 0.2.0 51.00 OK
r-release-windows-x86_64 0.2.0 35.00 124.00 159.00 OK
r-oldrel-macos-arm64 0.2.0 37.00 OK
r-oldrel-macos-x86_64 0.2.0 52.00 OK
r-oldrel-windows-ix86+x86_64 0.2.0 16.00 116.00 132.00 OK

Check Details

Version: 0.2.0
Check: package dependencies
Result: NOTE
    Package suggested but not available for checking: 'sfdep'
Flavors: r-devel-linux-x86_64-debian-clang, r-devel-linux-x86_64-debian-gcc, r-devel-linux-x86_64-fedora-clang, r-devel-linux-x86_64-fedora-gcc, r-patched-linux-x86_64, r-release-linux-x86_64

Version: 0.2.0
Check: Rd cross-references
Result: NOTE
    Undeclared packages ‘raster’, ‘terra’ in Rd xrefs
Flavor: r-devel-linux-x86_64-fedora-clang