CRAN Package Check Results for Package wavelets

Last updated on 2020-02-28 02:51:38 CET.

Flavor Version Tinstall Tcheck Ttotal Status Flags
r-devel-linux-x86_64-debian-clang 0.3-0.2 6.81 40.72 47.53 OK
r-devel-linux-x86_64-debian-gcc 0.3-0.2 5.60 31.31 36.91 OK
r-devel-linux-x86_64-fedora-clang 0.3-0.2 62.77 NOTE
r-devel-linux-x86_64-fedora-gcc 0.3-0.2 56.14 NOTE
r-devel-windows-ix86+x86_64 0.3-0.2 19.00 81.00 100.00 OK
r-devel-windows-ix86+x86_64-gcc8 0.3-0.2 17.00 61.00 78.00 OK
r-patched-linux-x86_64 0.3-0.2 5.17 36.95 42.12 OK
r-patched-solaris-x86 0.3-0.2 72.40 OK
r-release-linux-x86_64 0.3-0.2 5.11 36.52 41.63 OK
r-release-windows-ix86+x86_64 0.3-0.2 14.00 56.00 70.00 OK
r-release-osx-x86_64 0.3-0.2 OK
r-oldrel-windows-ix86+x86_64 0.3-0.2 12.00 66.00 78.00 OK
r-oldrel-osx-x86_64 0.3-0.2 OK

Check Details

Version: 0.3-0.2
Check: compiled code
Result: NOTE
    File ‘wavelets/libs/wavelets.so’:
     Found no calls to: ‘R_registerRoutines’, ‘R_useDynamicSymbols’
    
    It is good practice to register native routines and to disable symbol
    search.
    
    See ‘Writing portable packages’ in the ‘Writing R Extensions’ manual.
Flavors: r-devel-linux-x86_64-fedora-clang, r-devel-linux-x86_64-fedora-gcc