CRAN Package Check Results for Package wand

Last updated on 2019-04-25 19:48:51 CEST.

Flavor Version Tinstall Tcheck Ttotal Status Flags
r-devel-linux-x86_64-debian-clang 0.2.0 18.13 33.63 51.76 OK
r-devel-linux-x86_64-debian-gcc 0.2.0 15.27 26.78 42.05 OK
r-devel-linux-x86_64-fedora-clang 0.2.0 70.75 NOTE
r-devel-linux-x86_64-fedora-gcc 0.2.0 63.33 NOTE
r-devel-windows-ix86+x86_64 0.2.0 45.00 108.00 153.00 OK
r-patched-linux-x86_64 0.2.0 16.73 33.05 49.78 OK
r-patched-solaris-x86 0.2.0 3.90 ERROR
r-release-linux-x86_64 0.2.0 16.18 31.11 47.29 OK
r-release-windows-ix86+x86_64 0.2.0 27.00 102.00 129.00 OK
r-release-osx-x86_64 0.2.0 ERROR
r-oldrel-windows-ix86+x86_64 0.2.0 29.00 80.00 109.00 OK
r-oldrel-osx-x86_64 0.2.0 ERROR

Check Details

Version: 0.2.0
Check: compiled code
Result: NOTE
    File ‘wand/libs/wand.so’:
     Found no calls to: ‘R_registerRoutines’, ‘R_useDynamicSymbols’
    
    It is good practice to register native routines and to disable symbol
    search.
    
    See ‘Writing portable packages’ in the ‘Writing R Extensions’ manual.
Flavors: r-devel-linux-x86_64-fedora-clang, r-devel-linux-x86_64-fedora-gcc

Version: 0.2.0
Check: whether package can be installed
Result: ERROR
    Installation failed.
Flavors: r-patched-solaris-x86, r-release-osx-x86_64, r-oldrel-osx-x86_64