Last updated on 2019-02-19 20:47:58 CET.
Flavor | Version | Tinstall | Tcheck | Ttotal | Status | Flags |
---|---|---|---|---|---|---|
r-devel-linux-x86_64-debian-clang | 0.2.0 | 17.06 | 33.61 | 50.67 | OK | |
r-devel-linux-x86_64-debian-gcc | 0.2.0 | 15.33 | 26.00 | 41.33 | OK | |
r-devel-linux-x86_64-fedora-clang | 0.2.0 | 69.34 | NOTE | |||
r-devel-linux-x86_64-fedora-gcc | 0.2.0 | 63.02 | NOTE | |||
r-devel-windows-ix86+x86_64 | 0.2.0 | 44.00 | 107.00 | 151.00 | OK | |
r-patched-linux-x86_64 | 0.2.0 | 15.97 | 31.40 | 47.37 | OK | |
r-patched-solaris-x86 | 0.2.0 | 4.10 | ERROR | |||
r-release-linux-x86_64 | 0.2.0 | 15.44 | 31.03 | 46.47 | OK | |
r-release-windows-ix86+x86_64 | 0.2.0 | 36.00 | 108.00 | 144.00 | OK | |
r-release-osx-x86_64 | 0.2.0 | ERROR | ||||
r-oldrel-windows-ix86+x86_64 | 0.2.0 | 34.00 | 76.00 | 110.00 | OK | |
r-oldrel-osx-x86_64 | 0.2.0 | ERROR |
Version: 0.2.0
Check: compiled code
Result: NOTE
File ‘wand/libs/wand.so’:
Found no calls to: ‘R_registerRoutines’, ‘R_useDynamicSymbols’
It is good practice to register native routines and to disable symbol
search.
See ‘Writing portable packages’ in the ‘Writing R Extensions’ manual.
Flavors: r-devel-linux-x86_64-fedora-clang, r-devel-linux-x86_64-fedora-gcc
Version: 0.2.0
Check: whether package can be installed
Result: ERROR
Installation failed.
Flavors: r-patched-solaris-x86, r-release-osx-x86_64, r-oldrel-osx-x86_64