CRAN Package Check Results for Package wallace

Last updated on 2022-08-14 17:51:42 CEST.

Flavor Version Tinstall Tcheck Ttotal Status Flags
r-devel-linux-x86_64-debian-clang 1.1.3 5.03 37.90 42.93 OK
r-devel-linux-x86_64-debian-gcc 1.1.3 4.18 30.44 34.62 OK
r-devel-linux-x86_64-fedora-clang 1.1.3 62.36 NOTE
r-devel-linux-x86_64-fedora-gcc 1.1.3 60.22 NOTE
r-devel-windows-x86_64 1.1.3 34.00 70.00 104.00 OK
r-patched-linux-x86_64 1.1.3 4.86 37.25 42.11 OK
r-release-linux-x86_64 1.1.3 5.43 37.95 43.38 OK
r-release-macos-arm64 1.1.3 19.00 NOTE
r-release-macos-x86_64 1.1.3 37.00 NOTE
r-release-windows-x86_64 1.1.3 52.00 69.00 121.00 OK
r-oldrel-macos-arm64 1.1.3 17.00 NOTE
r-oldrel-macos-x86_64 1.1.3 29.00 NOTE
r-oldrel-windows-ix86+x86_64 1.1.3 16.00 62.00 78.00 OK

Check Details

Version: 1.1.3
Check: dependencies in R code
Result: NOTE
    Namespaces in Imports field not imported from:
     ‘DT’ ‘ENMeval’ ‘RColorBrewer’ ‘dismo’ ‘dplyr’ ‘ecospat’ ‘jsonlite’
     ‘leaflet.extras’ ‘raster’ ‘rgdal’ ‘rgeos’ ‘rmarkdown’ ‘shinyjs’ ‘sp’
     ‘spThin’ ‘spocc’ ‘zip’
     All declared Imports should be used.
Flavors: r-devel-linux-x86_64-fedora-clang, r-devel-linux-x86_64-fedora-gcc, r-release-macos-arm64, r-release-macos-x86_64, r-oldrel-macos-arm64, r-oldrel-macos-x86_64