Last updated on 2022-08-08 15:55:27 CEST.
Flavor | Version | Tinstall | Tcheck | Ttotal | Status | Flags |
---|---|---|---|---|---|---|
r-devel-linux-x86_64-debian-clang | 1.0.4 | 510.37 | 279.52 | 789.89 | NOTE | |
r-devel-linux-x86_64-debian-gcc | 1.0.4 | 467.50 | 225.43 | 692.93 | NOTE | |
r-devel-linux-x86_64-fedora-clang | 1.0.4 | 1129.28 | NOTE | |||
r-devel-linux-x86_64-fedora-gcc | 1.0.4 | 1166.24 | NOTE | |||
r-devel-windows-x86_64 | 1.0.4 | 371.00 | 360.00 | 731.00 | NOTE | |
r-patched-linux-x86_64 | 1.0.4 | 393.77 | 291.72 | 685.49 | NOTE | |
r-release-linux-x86_64 | 1.0.4 | NOTE | ||||
r-release-macos-arm64 | 1.0.4 | 291.00 | NOTE | |||
r-release-macos-x86_64 | 1.0.4 | 477.00 | NOTE | |||
r-release-windows-x86_64 | 1.0.4 | 803.00 | 351.00 | 1154.00 | NOTE | |
r-oldrel-macos-arm64 | 1.0.4 | 323.00 | NOTE | |||
r-oldrel-macos-x86_64 | 1.0.4 | 355.00 | NOTE | |||
r-oldrel-windows-ix86+x86_64 | 1.0.4 | 1148.00 | 453.00 | 1601.00 | NOTE |
Version: 1.0.4
Check: for GNU extensions in Makefiles
Result: NOTE
GNU make is a SystemRequirements.
Flavors: r-devel-linux-x86_64-debian-clang, r-devel-linux-x86_64-debian-gcc, r-devel-linux-x86_64-fedora-clang, r-devel-linux-x86_64-fedora-gcc, r-devel-windows-x86_64, r-patched-linux-x86_64, r-release-linux-x86_64, r-release-macos-arm64, r-release-macos-x86_64, r-release-windows-x86_64, r-oldrel-macos-arm64, r-oldrel-macos-x86_64, r-oldrel-windows-ix86+x86_64
Version: 1.0.4
Check: installed package size
Result: NOTE
installed size is 59.1Mb
sub-directories of 1Mb or more:
doc 1.0Mb
libs 57.7Mb
Flavors: r-devel-linux-x86_64-fedora-clang, r-devel-windows-x86_64, r-release-macos-arm64, r-release-macos-x86_64, r-release-windows-x86_64, r-oldrel-macos-arm64, r-oldrel-macos-x86_64, r-oldrel-windows-ix86+x86_64