Last updated on 2023-12-10 21:49:32 CET.
Flavor | Version | Tinstall | Tcheck | Ttotal | Status | Flags |
---|---|---|---|---|---|---|
r-devel-linux-x86_64-debian-clang | 0.4.0 | 3.40 | 94.67 | 98.07 | OK | |
r-devel-linux-x86_64-debian-gcc | 0.4.0 | 2.68 | 72.79 | 75.47 | OK | |
r-devel-linux-x86_64-fedora-clang | 0.4.0 | 122.42 | OK | |||
r-devel-linux-x86_64-fedora-gcc | 0.4.0 | 130.44 | OK | |||
r-devel-windows-x86_64 | 0.4.0 | 5.00 | 114.00 | 119.00 | OK | |
r-patched-linux-x86_64 | 0.4.0 | 2.72 | 91.79 | 94.51 | OK | |
r-release-linux-x86_64 | 0.4.0 | 2.38 | 93.44 | 95.82 | OK | |
r-release-macos-arm64 | 0.4.0 | 52.00 | OK | |||
r-release-macos-x86_64 | 0.4.0 | 98.00 | OK | |||
r-release-windows-x86_64 | 0.4.0 | 6.00 | 128.00 | 134.00 | OK | |
r-oldrel-macos-arm64 | 0.4.0 | 35.00 | ERROR | |||
r-oldrel-macos-x86_64 | 0.4.0 | 43.00 | ERROR | |||
r-oldrel-windows-x86_64 | 0.4.0 | 6.00 | 79.00 | 85.00 | ERROR |
Version: 0.4.0
Check: re-building of vignette outputs
Result: ERROR
Error(s) in re-building vignettes:
...
--- re-building ‘changing_default_parameters.Rmd’ using rmarkdown
--- finished re-building ‘changing_default_parameters.Rmd’
--- re-building ‘generate_data.Rmd’ using rmarkdown
--- finished re-building ‘generate_data.Rmd’
--- re-building ‘process_bouts.Rmd’ using rmarkdown
Quitting from lines 68-71 [unnamed-chunk-2] (process_bouts.Rmd)
Error: processing vignette 'process_bouts.Rmd' failed with diagnostics:
'origin' must be supplied
--- failed re-building ‘process_bouts.Rmd’
SUMMARY: processing the following file failed:
‘process_bouts.Rmd’
Error: Vignette re-building failed.
Execution halted
Flavors: r-oldrel-macos-arm64, r-oldrel-macos-x86_64
Version: 0.4.0
Check: re-building of vignette outputs
Result: ERROR
Error(s) in re-building vignettes:
--- re-building 'changing_default_parameters.Rmd' using rmarkdown
--- finished re-building 'changing_default_parameters.Rmd'
--- re-building 'generate_data.Rmd' using rmarkdown
--- finished re-building 'generate_data.Rmd'
--- re-building 'process_bouts.Rmd' using rmarkdown
Quitting from lines 68-71 [unnamed-chunk-2] (process_bouts.Rmd)
Error: processing vignette 'process_bouts.Rmd' failed with diagnostics:
'origin' must be supplied
--- failed re-building 'process_bouts.Rmd'
SUMMARY: processing the following file failed:
'process_bouts.Rmd'
Error: Vignette re-building failed.
Execution halted
Flavor: r-oldrel-windows-x86_64