Last updated on 2025-06-23 06:50:40 CEST.
Flavor | Version | Tinstall | Tcheck | Ttotal | Status | Flags |
---|---|---|---|---|---|---|
r-devel-linux-x86_64-debian-clang | 0.6.1 | 4.58 | 45.15 | 49.73 | OK | |
r-devel-linux-x86_64-debian-gcc | 0.6.1 | 2.98 | 32.37 | 35.35 | OK | |
r-devel-linux-x86_64-fedora-clang | 0.6.1 | 75.13 | OK | |||
r-devel-linux-x86_64-fedora-gcc | 0.6.1 | 70.30 | OK | |||
r-devel-windows-x86_64 | 0.6.1 | 5.00 | 58.00 | 63.00 | OK | |
r-patched-linux-x86_64 | 0.6.1 | 3.70 | 41.36 | 45.06 | OK | |
r-release-linux-x86_64 | 0.6.1 | 4.04 | 40.99 | 45.03 | OK | |
r-release-macos-arm64 | 0.6.1 | 29.00 | OK | |||
r-release-macos-x86_64 | 0.6.1 | 57.00 | OK | |||
r-release-windows-x86_64 | 0.6.1 | 6.00 | 57.00 | 63.00 | OK | |
r-oldrel-macos-arm64 | 0.6.1 | 24.00 | OK | |||
r-oldrel-macos-x86_64 | 0.6.1 | 45.00 | OK | |||
r-oldrel-windows-x86_64 | 0.6.1 | 7.00 | 62.00 | 69.00 | ERROR |
Version: 0.6.1
Check: tests
Result: ERROR
Running 'testthat.R' [10s]
Running the tests in 'tests/testthat.R' failed.
Complete output:
> library(testthat)
> library(waldo)
Attaching package: 'waldo'
The following object is masked from 'package:testthat':
compare
>
> test_check("waldo")
Flavor: r-oldrel-windows-x86_64