CRAN Package Check Results for Package wactor

Last updated on 2020-07-11 10:48:37 CEST.

Flavor Version Tinstall Tcheck Ttotal Status Flags
r-devel-linux-x86_64-debian-clang 0.0.1 3.02 37.54 40.56 OK
r-devel-linux-x86_64-debian-gcc 0.0.1 2.53 28.04 30.57 OK
r-devel-linux-x86_64-fedora-gcc 0.0.1 46.58 NOTE
r-devel-windows-ix86+x86_64 0.0.1 8.00 57.00 65.00 OK
r-patched-linux-x86_64 0.0.1 2.77 35.45 38.22 OK
r-patched-solaris-x86 0.0.1 68.70 NOTE
r-release-linux-x86_64 0.0.1 3.17 35.07 38.24 OK
r-release-osx-x86_64 0.0.1 NOTE
r-release-windows-ix86+x86_64 0.0.1 7.00 48.00 55.00 OK
r-oldrel-osx-x86_64 0.0.1 NOTE
r-oldrel-windows-ix86+x86_64 0.0.1 7.00 45.00 52.00 OK

Check Details

Version: 0.0.1
Check: dependencies in R code
Result: NOTE
    Namespaces in Imports field not imported from:
     ‘Matrix’ ‘R6’
     All declared Imports should be used.
Flavors: r-devel-linux-x86_64-fedora-gcc, r-patched-solaris-x86, r-release-osx-x86_64, r-oldrel-osx-x86_64