CRAN Package Check Results for Package wISAM

Last updated on 2025-01-18 06:48:38 CET.

Flavor Version Tinstall Tcheck Ttotal Status Flags
r-devel-linux-x86_64-debian-clang 0.2.8 2.18 30.33 32.51 OK
r-devel-linux-x86_64-debian-gcc 0.2.8 1.79 24.67 26.46 OK
r-devel-linux-x86_64-fedora-clang 0.2.8 53.60 NOTE
r-devel-linux-x86_64-fedora-gcc 0.2.8 57.13 NOTE
r-devel-windows-x86_64 0.2.8 4.00 60.00 64.00 OK
r-patched-linux-x86_64 0.2.8 2.28 31.44 33.72 OK
r-release-linux-x86_64 0.2.8 2.02 30.90 32.92 OK
r-release-macos-arm64 0.2.8 25.00 OK
r-release-macos-x86_64 0.2.8 39.00 OK
r-release-windows-x86_64 0.2.8 5.00 58.00 63.00 OK
r-oldrel-macos-arm64 0.2.8 23.00 OK
r-oldrel-macos-x86_64 0.2.8 39.00 OK
r-oldrel-windows-x86_64 0.2.8 4.00 64.00 68.00 OK

Check Details

Version: 0.2.8
Check: dependencies in R code
Result: NOTE Namespace in Imports field not imported from: ‘MASS’ All declared Imports should be used. Flavors: r-devel-linux-x86_64-fedora-clang, r-devel-linux-x86_64-fedora-gcc