Last updated on 2023-06-09 11:57:40 CEST.
Flavor | Version | Tinstall | Tcheck | Ttotal | Status | Flags |
---|---|---|---|---|---|---|
r-devel-linux-x86_64-debian-clang | 1.6.3 | 134.21 | 130.26 | 264.47 | OK | |
r-devel-linux-x86_64-debian-gcc | 1.6.3 | 128.65 | 97.18 | 225.83 | OK | |
r-devel-linux-x86_64-fedora-clang | 1.6.3 | 348.78 | NOTE | |||
r-devel-linux-x86_64-fedora-gcc | 1.6.3 | 407.74 | OK | |||
r-devel-windows-x86_64 | 1.6.3 | 135.00 | 149.00 | 284.00 | OK | |
r-patched-linux-x86_64 | 1.6.3 | 138.85 | 122.05 | 260.90 | OK | |
r-release-linux-x86_64 | 1.6.3 | 138.62 | 122.04 | 260.66 | OK | |
r-release-macos-arm64 | 1.6.3 | 97.00 | NOTE | |||
r-release-macos-x86_64 | 1.6.1 | 170.00 | NOTE | |||
r-release-windows-x86_64 | 1.6.3 | 166.00 | 176.00 | 342.00 | OK | |
r-oldrel-macos-arm64 | 1.6.3 | 100.00 | NOTE | |||
r-oldrel-macos-x86_64 | 1.6.3 | 126.00 | NOTE | |||
r-oldrel-windows-x86_64 | 1.6.3 | 150.00 | 170.00 | 320.00 | OK |
Version: 1.6.3
Check: Rd cross-references
Result: NOTE
Undeclared package ‘readr’ in Rd xrefs
Flavor: r-devel-linux-x86_64-fedora-clang
Version: 1.6.3
Check: installed package size
Result: NOTE
installed size is 10.4Mb
sub-directories of 1Mb or more:
libs 9.0Mb
Flavors: r-release-macos-arm64, r-oldrel-macos-arm64, r-oldrel-macos-x86_64
Version: 1.6.1
Check: C++ specification
Result: NOTE
Specified C++11: please drop specification unless essential
Flavor: r-release-macos-x86_64
Version: 1.6.1
Check: installed package size
Result: NOTE
installed size is 9.9Mb
sub-directories of 1Mb or more:
libs 8.5Mb
Flavor: r-release-macos-x86_64