Last updated on 2023-02-05 08:58:48 CET.
Flavor | Version | Tinstall | Tcheck | Ttotal | Status | Flags |
---|---|---|---|---|---|---|
r-devel-linux-x86_64-debian-clang | 1.6.1 | 133.18 | 127.45 | 260.63 | NOTE | |
r-devel-linux-x86_64-debian-gcc | 1.6.1 | 123.34 | 94.32 | 217.66 | NOTE | |
r-devel-linux-x86_64-fedora-clang | 1.6.1 | 317.12 | NOTE | |||
r-devel-linux-x86_64-fedora-gcc | 1.6.1 | 381.25 | NOTE | |||
r-devel-windows-x86_64 | 1.6.1 | 183.00 | 208.00 | 391.00 | NOTE | |
r-patched-linux-x86_64 | 1.6.1 | 131.02 | 120.53 | 251.55 | OK | |
r-release-linux-x86_64 | 1.6.1 | 130.70 | 116.47 | 247.17 | OK | |
r-release-macos-arm64 | 1.6.1 | 93.00 | NOTE | |||
r-release-macos-x86_64 | 1.6.1 | 120.00 | NOTE | |||
r-release-windows-x86_64 | 1.6.1 | 177.00 | 224.00 | 401.00 | OK | |
r-oldrel-macos-arm64 | 1.6.1 | 89.00 | NOTE | |||
r-oldrel-macos-x86_64 | 1.6.1 | 123.00 | NOTE | |||
r-oldrel-windows-ix86+x86_64 | 1.6.1 | 352.00 | 258.00 | 610.00 | OK |
Version: 1.6.1
Check: C++ specification
Result: NOTE
Specified C++11: please update to current default of C++17
Flavors: r-devel-linux-x86_64-debian-clang, r-devel-linux-x86_64-debian-gcc, r-devel-linux-x86_64-fedora-clang, r-devel-linux-x86_64-fedora-gcc, r-devel-windows-x86_64
Version: 1.6.1
Check: Rd cross-references
Result: NOTE
Undeclared package ‘readr’ in Rd xrefs
Flavor: r-devel-linux-x86_64-fedora-clang
Version: 1.6.1
Check: installed package size
Result: NOTE
installed size is 10.0Mb
sub-directories of 1Mb or more:
libs 8.6Mb
Flavors: r-release-macos-arm64, r-release-macos-x86_64, r-oldrel-macos-arm64, r-oldrel-macos-x86_64