CRAN Package Check Results for Package vroom

Last updated on 2020-10-21 16:47:57 CEST.

Flavor Version Tinstall Tcheck Ttotal Status Flags
r-devel-linux-x86_64-debian-clang 1.3.2 101.48 74.82 176.30 OK
r-devel-linux-x86_64-debian-gcc 1.3.2 80.10 57.74 137.84 OK
r-devel-linux-x86_64-fedora-clang 1.3.2 235.18 NOTE
r-devel-linux-x86_64-fedora-gcc 1.3.2 222.20 OK
r-devel-windows-ix86+x86_64 1.3.2 245.00 152.00 397.00 OK
r-patched-linux-x86_64 1.3.2 99.36 71.45 170.81 OK
r-patched-solaris-x86 1.3.2 232.30 OK
r-release-linux-x86_64 1.3.2 101.97 72.57 174.54 OK
r-release-macos-x86_64 1.3.2 NOTE
r-release-windows-ix86+x86_64 1.3.2 245.00 114.00 359.00 OK
r-oldrel-macos-x86_64 1.3.2 NOTE
r-oldrel-windows-ix86+x86_64 1.3.2 266.00 157.00 423.00 OK

Additional issues

clang-UBSAN

Check Details

Version: 1.3.2
Check: installed package size
Result: NOTE
     installed size is 10.3Mb
     sub-directories of 1Mb or more:
     doc 1.2Mb
     libs 8.3Mb
Flavors: r-devel-linux-x86_64-fedora-clang, r-release-macos-x86_64, r-oldrel-macos-x86_64