CRAN Package Check Results for Package vroom

Last updated on 2020-01-19 06:48:49 CET.

Flavor Version Tinstall Tcheck Ttotal Status Flags
r-devel-linux-x86_64-debian-clang 1.2.0 212.58 82.60 295.18 ERROR
r-devel-linux-x86_64-debian-gcc 1.2.0 143.81 64.03 207.84 OK
r-devel-linux-x86_64-fedora-clang 1.2.0 403.91 NOTE
r-devel-linux-x86_64-fedora-gcc 1.2.0 401.33 OK
r-devel-windows-ix86+x86_64 1.2.0 441.00 176.00 617.00 OK
r-devel-windows-ix86+x86_64-gcc8 1.0.2 438.00 180.00 618.00 OK
r-patched-linux-x86_64 1.2.0 168.71 75.24 243.95 OK
r-patched-solaris-x86 1.2.0 322.10 ERROR
r-release-linux-x86_64 1.2.0 160.37 74.36 234.73 OK
r-release-windows-ix86+x86_64 1.2.0 505.00 137.00 642.00 OK
r-release-osx-x86_64 1.2.0 NOTE
r-oldrel-windows-ix86+x86_64 1.2.0 475.00 191.00 666.00 OK
r-oldrel-osx-x86_64 1.2.0 NOTE

Check Details

Version: 1.2.0
Check: tests
Result: ERROR
     Running 'spelling.R' [0s/1s]
     Running 'testthat.R' [21s/59s]
    Running the tests in 'tests/testthat.R' failed.
    Complete output:
     > library(testthat)
     > library(vroom)
     >
     > if (requireNamespace("xml2")) {
     + test_check("vroom", reporter = MultiReporter$new(reporters = list(JunitReporter$new(file = "test-results.xml"), CheckReporter$new())))
     + } else {
     + test_check("vroom")
     + }
     Loading required namespace: xml2
     -- 1. Failure: locale affects am/pm (@test-datetime.R#176) --------------------
     `res` not equal to `equals`.
     Component "X1": 'is.NA' value mismatch: 0 in current 1 in target
    
     -- 2. Failure: locale affects am/pm (@test-datetime.R#176) --------------------
     `res` not equal to `equals`.
     Component "X1": 'is.NA' value mismatch: 0 in current 1 in target
    
     == testthat results ===========================================================
     [ OK: 691 | SKIPPED: 5 | WARNINGS: 1 | FAILED: 2 ]
     1. Failure: locale affects am/pm (@test-datetime.R#176)
     2. Failure: locale affects am/pm (@test-datetime.R#176)
    
     Error: testthat unit tests failed
     Execution halted
Flavor: r-devel-linux-x86_64-debian-clang

Version: 1.2.0
Check: installed package size
Result: NOTE
     installed size is 12.3Mb
     sub-directories of 1Mb or more:
     libs 10.7Mb
Flavors: r-devel-linux-x86_64-fedora-clang, r-release-osx-x86_64, r-oldrel-osx-x86_64

Version: 1.2.0
Check: for unstated dependencies in ‘tests’
Result: WARN
    Warning in deparse(e[[2L]]) :
     it is not known that wchar_t is Unicode on this platform
    Warning in deparse(e[[2L]]) :
     it is not known that wchar_t is Unicode on this platform
Flavor: r-patched-solaris-x86

Version: 1.2.0
Check: tests
Result: ERROR
     Running ‘spelling.R’
     Running ‘testthat.R’ [22s/20s]
    Running the tests in ‘tests/testthat.R’ failed.
    Complete output:
     > library(testthat)
     > library(vroom)
     >
     > if (requireNamespace("xml2")) {
     + test_check("vroom", reporter = MultiReporter$new(reporters = list(JunitReporter$new(file = "test-results.xml"), CheckReporter$new())))
     + } else {
     + test_check("vroom")
     + }
     Loading required namespace: xml2
     ── 1. Error: vroom works with many connections (@test-multi-file.R#90) ────────
     Evaluation error: cannot open the connection.
     Backtrace:
     1. vroom::vroom(files)
     2. vroom:::vroom_(...)
    
     ══ testthat results ═══════════════════════════════════════════════════════════
     [ OK: 691 | SKIPPED: 5 | WARNINGS: 3 | FAILED: 1 ]
     1. Error: vroom works with many connections (@test-multi-file.R#90)
    
     Error: testthat unit tests failed
     In addition: Warning message:
     In for (i in seq_len(n)) { :
     closing unused connection 4 (/tmp/Rtmp.aaisb/working_dir/RtmpWdaqos/file24724f0f471d/129.csv.gz)
     Execution halted
Flavor: r-patched-solaris-x86