CRAN Package Check Results for Package voxel

Last updated on 2022-12-02 06:52:58 CET.

Flavor Version Tinstall Tcheck Ttotal Status Flags
r-devel-linux-x86_64-debian-clang 1.3.5 16.07 163.24 179.31 NOTE
r-devel-linux-x86_64-debian-gcc 1.3.5 11.24 123.53 134.77 NOTE
r-devel-linux-x86_64-fedora-clang 1.3.5 237.37 NOTE
r-devel-linux-x86_64-fedora-gcc 1.3.5 232.96 NOTE
r-devel-windows-x86_64 1.3.5 31.00 198.00 229.00 NOTE
r-patched-linux-x86_64 1.3.5 12.64 150.49 163.13 NOTE
r-release-linux-x86_64 1.3.5 13.91 153.14 167.05 NOTE
r-release-macos-arm64 1.3.5 57.00 NOTE
r-release-macos-x86_64 1.3.5 105.00 NOTE
r-release-windows-x86_64 1.3.5 29.00 192.00 221.00 NOTE
r-oldrel-macos-arm64 1.3.5 63.00 NOTE
r-oldrel-macos-x86_64 1.3.5 87.00 NOTE
r-oldrel-windows-ix86+x86_64 1.3.5 34.00 182.00 216.00 NOTE

Check Details

Version: 1.3.5
Check: package subdirectories
Result: NOTE
    Problems with news in 'NEWS.md':
    No news entries found.
Flavors: r-devel-linux-x86_64-debian-clang, r-devel-linux-x86_64-debian-gcc, r-devel-linux-x86_64-fedora-clang, r-devel-linux-x86_64-fedora-gcc, r-devel-windows-x86_64

Version: 1.3.5
Check: LazyData
Result: NOTE
     'LazyData' is specified without a 'data' directory
Flavors: r-devel-linux-x86_64-debian-clang, r-devel-linux-x86_64-debian-gcc, r-devel-linux-x86_64-fedora-clang, r-devel-linux-x86_64-fedora-gcc, r-devel-windows-x86_64, r-patched-linux-x86_64, r-release-linux-x86_64, r-release-macos-arm64, r-release-macos-x86_64, r-release-windows-x86_64, r-oldrel-macos-arm64, r-oldrel-macos-x86_64, r-oldrel-windows-ix86+x86_64

Version: 1.3.5
Check: dependencies in R code
Result: NOTE
    Namespace in Imports field not imported from: ‘methods’
     All declared Imports should be used.
Flavors: r-devel-linux-x86_64-fedora-clang, r-devel-linux-x86_64-fedora-gcc, r-release-macos-arm64, r-release-macos-x86_64, r-oldrel-macos-arm64, r-oldrel-macos-x86_64