CRAN Package Check Results for Package voteogram

Last updated on 2022-08-20 05:01:39 CEST.

Flavor Version Tinstall Tcheck Ttotal Status Flags
r-devel-linux-x86_64-debian-clang 0.3.1 5.47 78.40 83.87 NOTE
r-devel-linux-x86_64-debian-gcc 0.3.1 5.10 59.06 64.16 NOTE
r-devel-linux-x86_64-fedora-clang 0.3.1 104.86 NOTE
r-devel-linux-x86_64-fedora-gcc 0.3.1 100.13 NOTE
r-devel-windows-x86_64 0.3.1 22.00 100.00 122.00 NOTE
r-patched-linux-x86_64 0.3.1 4.96 73.05 78.01 OK
r-release-linux-x86_64 0.3.1 OK
r-release-macos-arm64 0.3.1 33.00 OK
r-release-macos-x86_64 0.3.1 65.00 OK
r-release-windows-x86_64 0.3.1 17.00 105.00 122.00 OK
r-oldrel-macos-arm64 0.3.1 43.00 OK
r-oldrel-macos-x86_64 0.3.1 44.00 OK
r-oldrel-windows-ix86+x86_64 0.3.1 15.00 124.00 139.00 OK

Check Details

Version: 0.3.1
Check: package subdirectories
Result: NOTE
    Problems with news in 'NEWS.md':
    No news entries found.
Flavors: r-devel-linux-x86_64-debian-clang, r-devel-linux-x86_64-debian-gcc, r-devel-linux-x86_64-fedora-clang, r-devel-linux-x86_64-fedora-gcc, r-devel-windows-x86_64