CRAN Package Check Results for Package volleystat

Last updated on 2022-01-27 19:51:18 CET.

Flavor Version Tinstall Tcheck Ttotal Status Flags
r-devel-linux-x86_64-debian-clang 0.2.0 2.23 44.55 46.78 OK
r-devel-linux-x86_64-debian-gcc 0.2.0 2.22 34.17 36.39 OK
r-devel-linux-x86_64-fedora-clang 0.2.0 58.18 NOTE
r-devel-linux-x86_64-fedora-gcc 0.2.0 46.58 NOTE
r-devel-windows-x86_64-new-UL 0.2.0 49.00 89.00 138.00 OK
r-devel-windows-x86_64-new-TK 0.2.0 NOTE
r-patched-linux-x86_64 0.2.0 2.47 44.16 46.63 OK
r-release-linux-x86_64 0.2.0 2.46 42.87 45.33 OK
r-release-macos-arm64 0.2.0 NOTE
r-release-macos-x86_64 0.2.0 NOTE
r-release-windows-ix86+x86_64 0.2.0 6.00 57.00 63.00 OK
r-oldrel-macos-x86_64 0.2.0 NOTE
r-oldrel-windows-ix86+x86_64 0.2.0 7.00 58.00 65.00 OK

Check Details

Version: 0.2.0
Check: data for non-ASCII characters
Result: NOTE
     Note: found 4954 marked UTF-8 strings
Flavors: r-devel-linux-x86_64-fedora-clang, r-devel-linux-x86_64-fedora-gcc, r-devel-windows-x86_64-new-TK, r-release-macos-arm64, r-release-macos-x86_64, r-oldrel-macos-x86_64