CRAN Package Check Results for Package visvow

Last updated on 2024-06-14 00:54:04 CEST.

Flavor Version Tinstall Tcheck Ttotal Status Flags
r-devel-linux-x86_64-debian-clang 1.3.11 40.80 311.09 351.89 OK
r-devel-linux-x86_64-debian-gcc 1.3.11 0.37 1.83 2.20 ERROR
r-devel-linux-x86_64-fedora-clang 1.3.11 389.13 NOTE
r-devel-linux-x86_64-fedora-gcc 1.3.11 369.07 OK
r-devel-windows-x86_64 1.3.11 23.00 185.00 208.00 OK
r-patched-linux-x86_64 1.3.11 34.06 307.97 342.03 OK
r-release-linux-x86_64 1.3.11 24.28 301.92 326.20 OK
r-release-macos-arm64 1.3.11 200.00 OK
r-release-macos-x86_64 1.3.11 200.00 OK
r-release-windows-x86_64 1.3.11 23.00 191.00 214.00 OK
r-oldrel-macos-arm64 1.3.11 112.00 OK
r-oldrel-macos-x86_64 1.3.11 263.00 OK
r-oldrel-windows-x86_64 1.3.11 29.00 228.00 257.00 OK

Check Details

Version: 1.3.11
Check: package dependencies
Result: ERROR Packages required but not available: 'tidyr', 'dplyr', 'ggplot2', 'ggdendro', 'ggrepel', 'readxl' Package suggested but not available for checking: ‘testthat’ See section ‘The DESCRIPTION file’ in the ‘Writing R Extensions’ manual. Flavor: r-devel-linux-x86_64-debian-gcc

Version: 1.3.11
Check: package dependencies
Result: NOTE Imports includes 26 non-default packages. Importing from so many packages makes the package vulnerable to any of them becoming unavailable. Move as many as possible to Suggests and use conditionally. Flavor: r-devel-linux-x86_64-fedora-clang