CRAN Package Check Results for Package visdat

Last updated on 2018-08-22 07:48:02 CEST.

Flavor Version Tinstall Tcheck Ttotal Status Flags
r-devel-linux-x86_64-debian-clang 0.5.1 2.03 73.87 75.90 OK
r-devel-linux-x86_64-debian-gcc 0.5.1 1.71 55.83 57.54 OK
r-devel-linux-x86_64-fedora-clang 0.5.1 91.16 NOTE
r-devel-linux-x86_64-fedora-gcc 0.5.1 88.29 NOTE
r-devel-windows-ix86+x86_64 0.5.1 5.00 87.00 92.00 OK
r-patched-linux-x86_64 0.5.1 1.83 70.60 72.43 OK
r-patched-solaris-x86 0.5.1 133.60 NOTE
r-release-linux-x86_64 0.5.1 1.63 69.57 71.20 OK
r-release-windows-ix86+x86_64 0.5.1 8.00 89.00 97.00 OK
r-release-osx-x86_64 0.5.1 NOTE
r-oldrel-windows-ix86+x86_64 0.5.1 4.00 109.00 113.00 OK
r-oldrel-osx-x86_64 0.5.1 NOTE

Check Details

Version: 0.5.1
Check: dependencies in R code
Result: NOTE
    Namespaces in Imports field not imported from:
     ‘plotly’ ‘rlang’
     All declared Imports should be used.
Flavors: r-devel-linux-x86_64-fedora-clang, r-devel-linux-x86_64-fedora-gcc, r-patched-solaris-x86, r-release-osx-x86_64, r-oldrel-osx-x86_64