CRAN Package Check Results for Package visdat

Last updated on 2018-12-09 18:50:20 CET.

Flavor Version Tinstall Tcheck Ttotal Status Flags
r-devel-linux-x86_64-debian-clang 0.5.1 1.61 73.70 75.31 ERROR
r-devel-linux-x86_64-debian-gcc 0.5.1 1.56 54.70 56.26 ERROR
r-devel-linux-x86_64-fedora-clang 0.5.1 87.68 ERROR
r-devel-linux-x86_64-fedora-gcc 0.5.1 87.33 ERROR
r-devel-windows-ix86+x86_64 0.5.1 7.00 89.00 96.00 ERROR
r-patched-linux-x86_64 0.5.1 1.29 69.46 70.75 ERROR
r-patched-solaris-x86 0.5.1 136.00 ERROR
r-release-linux-x86_64 0.5.1 2.00 69.12 71.12 ERROR
r-release-windows-ix86+x86_64 0.5.1 4.00 89.00 93.00 ERROR
r-release-osx-x86_64 0.5.1 NOTE
r-oldrel-windows-ix86+x86_64 0.5.1 4.00 90.00 94.00 ERROR
r-oldrel-osx-x86_64 0.5.1 NOTE

Check Details

Version: 0.5.1
Check: tests
Result: ERROR
     Running ‘testthat.R’ [32s/34s]
    Running the tests in ‘tests/testthat.R’ failed.
    Complete output:
     > library(testthat)
     > library(visdat)
     >
     > test_check("visdat")
     ── 1. Failure: guess_element correctly identifies individual elements (@test-gue
     visdat:::guess_type("10") not equal to "integer".
     1/1 mismatches
     x[1]: "double"
     y[1]: "integer"
    
     ── 2. Failure: guess_element correctly identifies individual elements (@test-gue
     visdat:::guess_type(10) not equal to "integer".
     1/1 mismatches
     x[1]: "double"
     y[1]: "integer"
    
     3.1.0FreeType version: 2.9.1
     nrows = 1000 ncols = 1000══ testthat results ═══════════════════════════════════════════════════════════
     OK: 28 SKIPPED: 10 FAILED: 2
     1. Failure: guess_element correctly identifies individual elements (@test-guess-type.R#9)
     2. Failure: guess_element correctly identifies individual elements (@test-guess-type.R#10)
    
     Error: testthat unit tests failed
     Execution halted
Flavor: r-devel-linux-x86_64-debian-clang

Version: 0.5.1
Check: tests
Result: ERROR
     Running ‘testthat.R’ [22s/31s]
    Running the tests in ‘tests/testthat.R’ failed.
    Complete output:
     > library(testthat)
     > library(visdat)
     >
     > test_check("visdat")
     ── 1. Failure: guess_element correctly identifies individual elements (@test-gue
     visdat:::guess_type("10") not equal to "integer".
     1/1 mismatches
     x[1]: "double"
     y[1]: "integer"
    
     ── 2. Failure: guess_element correctly identifies individual elements (@test-gue
     visdat:::guess_type(10) not equal to "integer".
     1/1 mismatches
     x[1]: "double"
     y[1]: "integer"
    
     3.1.0FreeType version: 2.9.1
     nrows = 1000 ncols = 1000══ testthat results ═══════════════════════════════════════════════════════════
     OK: 28 SKIPPED: 10 FAILED: 2
     1. Failure: guess_element correctly identifies individual elements (@test-guess-type.R#9)
     2. Failure: guess_element correctly identifies individual elements (@test-guess-type.R#10)
    
     Error: testthat unit tests failed
     Execution halted
Flavor: r-devel-linux-x86_64-debian-gcc

Version: 0.5.1
Check: dependencies in R code
Result: NOTE
    Namespaces in Imports field not imported from:
     ‘plotly’ ‘rlang’
     All declared Imports should be used.
Flavors: r-devel-linux-x86_64-fedora-clang, r-devel-linux-x86_64-fedora-gcc, r-patched-solaris-x86, r-release-osx-x86_64, r-oldrel-osx-x86_64

Version: 0.5.1
Check: tests
Result: ERROR
     Running ‘testthat.R’ [36s/41s]
    Running the tests in ‘tests/testthat.R’ failed.
    Complete output:
     > library(testthat)
     > library(visdat)
     >
     > test_check("visdat")
     ── 1. Failure: guess_element correctly identifies individual elements (@test-gue
     visdat:::guess_type("10") not equal to "integer".
     1/1 mismatches
     x[1]: "double"
     y[1]: "integer"
    
     ── 2. Failure: guess_element correctly identifies individual elements (@test-gue
     visdat:::guess_type(10) not equal to "integer".
     1/1 mismatches
     x[1]: "double"
     y[1]: "integer"
    
     3.1.0FreeType version: 2.8.0
     nrows = 1000 ncols = 1000══ testthat results ═══════════════════════════════════════════════════════════
     OK: 28 SKIPPED: 10 FAILED: 2
     1. Failure: guess_element correctly identifies individual elements (@test-guess-type.R#9)
     2. Failure: guess_element correctly identifies individual elements (@test-guess-type.R#10)
    
     Error: testthat unit tests failed
     Execution halted
Flavor: r-devel-linux-x86_64-fedora-clang

Version: 0.5.1
Check: tests
Result: ERROR
     Running ‘testthat.R’ [36s/46s]
    Running the tests in ‘tests/testthat.R’ failed.
    Complete output:
     > library(testthat)
     > library(visdat)
     >
     > test_check("visdat")
     ── 1. Failure: guess_element correctly identifies individual elements (@test-gue
     visdat:::guess_type("10") not equal to "integer".
     1/1 mismatches
     x[1]: "double"
     y[1]: "integer"
    
     ── 2. Failure: guess_element correctly identifies individual elements (@test-gue
     visdat:::guess_type(10) not equal to "integer".
     1/1 mismatches
     x[1]: "double"
     y[1]: "integer"
    
     3.1.0FreeType version: 2.8.0
     nrows = 1000 ncols = 1000══ testthat results ═══════════════════════════════════════════════════════════
     OK: 28 SKIPPED: 10 FAILED: 2
     1. Failure: guess_element correctly identifies individual elements (@test-guess-type.R#9)
     2. Failure: guess_element correctly identifies individual elements (@test-guess-type.R#10)
    
     Error: testthat unit tests failed
     Execution halted
Flavor: r-devel-linux-x86_64-fedora-gcc

Version: 0.5.1
Check: tests
Result: ERROR
     Running 'testthat.R' [32s]
    Running the tests in 'tests/testthat.R' failed.
    Complete output:
     > library(testthat)
     > library(visdat)
     >
     > test_check("visdat")
     -- 1. Failure: guess_element correctly identifies individual elements (@test-gue
     visdat:::guess_type("10") not equal to "integer".
     1/1 mismatches
     x[1]: "double"
     y[1]: "integer"
    
     -- 2. Failure: guess_element correctly identifies individual elements (@test-gue
     visdat:::guess_type(10) not equal to "integer".
     1/1 mismatches
     x[1]: "double"
     y[1]: "integer"
    
     3.1.0FreeType version: 2.6.0
     nrows = 1000 ncols = 1000== testthat results ===========================================================
     OK: 28 SKIPPED: 10 FAILED: 2
     1. Failure: guess_element correctly identifies individual elements (@test-guess-type.R#9)
     2. Failure: guess_element correctly identifies individual elements (@test-guess-type.R#10)
    
     Error: testthat unit tests failed
     Execution halted
Flavor: r-devel-windows-ix86+x86_64

Version: 0.5.1
Check: tests
Result: ERROR
     Running ‘testthat.R’ [30s/32s]
    Running the tests in ‘tests/testthat.R’ failed.
    Complete output:
     > library(testthat)
     > library(visdat)
     >
     > test_check("visdat")
     ── 1. Failure: guess_element correctly identifies individual elements (@test-gue
     visdat:::guess_type("10") not equal to "integer".
     1/1 mismatches
     x[1]: "double"
     y[1]: "integer"
    
     ── 2. Failure: guess_element correctly identifies individual elements (@test-gue
     visdat:::guess_type(10) not equal to "integer".
     1/1 mismatches
     x[1]: "double"
     y[1]: "integer"
    
     3.1.0FreeType version: 2.9.1
     nrows = 1000 ncols = 1000══ testthat results ═══════════════════════════════════════════════════════════
     OK: 28 SKIPPED: 10 FAILED: 2
     1. Failure: guess_element correctly identifies individual elements (@test-guess-type.R#9)
     2. Failure: guess_element correctly identifies individual elements (@test-guess-type.R#10)
    
     Error: testthat unit tests failed
     Execution halted
Flavor: r-patched-linux-x86_64

Version: 0.5.1
Check: tests
Result: ERROR
     Running ‘testthat.R’ [59s/75s]
    Running the tests in ‘tests/testthat.R’ failed.
    Complete output:
     > library(testthat)
     > library(visdat)
     >
     > test_check("visdat")
     ── 1. Failure: guess_element correctly identifies individual elements (@test-gue
     visdat:::guess_type("10") not equal to "integer".
     1/1 mismatches
     x[1]: "double"
     y[1]: "integer"
    
     ── 2. Failure: guess_element correctly identifies individual elements (@test-gue
     visdat:::guess_type(10) not equal to "integer".
     1/1 mismatches
     x[1]: "double"
     y[1]: "integer"
    
     3.1.0FreeType version: 2.7.1
     nrows = 1000 ncols = 1000══ testthat results ═══════════════════════════════════════════════════════════
     OK: 28 SKIPPED: 10 FAILED: 2
     1. Failure: guess_element correctly identifies individual elements (@test-guess-type.R#9)
     2. Failure: guess_element correctly identifies individual elements (@test-guess-type.R#10)
    
     Error: testthat unit tests failed
     Execution halted
Flavor: r-patched-solaris-x86

Version: 0.5.1
Check: tests
Result: ERROR
     Running ‘testthat.R’ [29s/32s]
    Running the tests in ‘tests/testthat.R’ failed.
    Complete output:
     > library(testthat)
     > library(visdat)
     >
     > test_check("visdat")
     ── 1. Failure: guess_element correctly identifies individual elements (@test-gue
     visdat:::guess_type("10") not equal to "integer".
     1/1 mismatches
     x[1]: "double"
     y[1]: "integer"
    
     ── 2. Failure: guess_element correctly identifies individual elements (@test-gue
     visdat:::guess_type(10) not equal to "integer".
     1/1 mismatches
     x[1]: "double"
     y[1]: "integer"
    
     3.1.0FreeType version: 2.9.1
     nrows = 1000 ncols = 1000══ testthat results ═══════════════════════════════════════════════════════════
     OK: 28 SKIPPED: 10 FAILED: 2
     1. Failure: guess_element correctly identifies individual elements (@test-guess-type.R#9)
     2. Failure: guess_element correctly identifies individual elements (@test-guess-type.R#10)
    
     Error: testthat unit tests failed
     Execution halted
Flavor: r-release-linux-x86_64

Version: 0.5.1
Check: tests
Result: ERROR
     Running 'testthat.R' [33s]
    Running the tests in 'tests/testthat.R' failed.
    Complete output:
     > library(testthat)
     > library(visdat)
     >
     > test_check("visdat")
     -- 1. Failure: guess_element correctly identifies individual elements (@test-gue
     visdat:::guess_type("10") not equal to "integer".
     1/1 mismatches
     x[1]: "double"
     y[1]: "integer"
    
     -- 2. Failure: guess_element correctly identifies individual elements (@test-gue
     visdat:::guess_type(10) not equal to "integer".
     1/1 mismatches
     x[1]: "double"
     y[1]: "integer"
    
     3.1.0FreeType version: 2.6.0
     nrows = 1000 ncols = 1000== testthat results ===========================================================
     OK: 28 SKIPPED: 10 FAILED: 2
     1. Failure: guess_element correctly identifies individual elements (@test-guess-type.R#9)
     2. Failure: guess_element correctly identifies individual elements (@test-guess-type.R#10)
    
     Error: testthat unit tests failed
     Execution halted
Flavor: r-release-windows-ix86+x86_64

Version: 0.5.1
Check: tests
Result: ERROR
     Running 'testthat.R' [27s]
    Running the tests in 'tests/testthat.R' failed.
    Complete output:
     > library(testthat)
     > library(visdat)
     >
     > test_check("visdat")
     -- 1. Failure: guess_element correctly identifies individual elements (@test-gue
     visdat:::guess_type("10") not equal to "integer".
     1/1 mismatches
     x[1]: "double"
     y[1]: "integer"
    
     -- 2. Failure: guess_element correctly identifies individual elements (@test-gue
     visdat:::guess_type(10) not equal to "integer".
     1/1 mismatches
     x[1]: "double"
     y[1]: "integer"
    
     3.1.0FreeType version: 2.6.0
     nrows = 1000 ncols = 1000== testthat results ===========================================================
     OK: 28 SKIPPED: 10 FAILED: 2
     1. Failure: guess_element correctly identifies individual elements (@test-guess-type.R#9)
     2. Failure: guess_element correctly identifies individual elements (@test-guess-type.R#10)
    
     Error: testthat unit tests failed
     Execution halted
Flavor: r-oldrel-windows-ix86+x86_64