CRAN Package Check Results for Package visdat

Last updated on 2018-10-18 19:48:27 CEST.

Flavor Version Tinstall Tcheck Ttotal Status Flags
r-devel-linux-x86_64-debian-clang 0.5.1 1.99 75.51 77.50 OK
r-devel-linux-x86_64-debian-gcc 0.5.1 OK
r-devel-linux-x86_64-fedora-clang 0.5.1 91.91 NOTE
r-devel-linux-x86_64-fedora-gcc 0.5.1 88.18 NOTE
r-devel-windows-ix86+x86_64 0.5.1 5.00 156.00 161.00 OK
r-patched-linux-x86_64 0.5.1 1.82 68.81 70.63 OK
r-patched-solaris-x86 0.5.1 133.30 NOTE
r-release-linux-x86_64 0.5.1 1.55 70.65 72.20 OK
r-release-windows-ix86+x86_64 0.5.1 5.00 117.00 122.00 OK
r-release-osx-x86_64 0.5.1 NOTE
r-oldrel-windows-ix86+x86_64 0.5.1 4.00 128.00 132.00 OK
r-oldrel-osx-x86_64 0.5.1 NOTE

Check Details

Version: 0.5.1
Check: dependencies in R code
Result: NOTE
    Namespaces in Imports field not imported from:
     ‘plotly’ ‘rlang’
     All declared Imports should be used.
Flavors: r-devel-linux-x86_64-fedora-clang, r-devel-linux-x86_64-fedora-gcc, r-patched-solaris-x86, r-release-osx-x86_64, r-oldrel-osx-x86_64