CRAN Package Check Results for Package viromeBrowser

Last updated on 2020-06-04 15:49:26 CEST.

Flavor Version Tinstall Tcheck Ttotal Status Flags
r-devel-linux-x86_64-debian-clang 1.0.0 21.37 167.89 189.26 OK
r-devel-linux-x86_64-debian-gcc 1.0.0 17.33 127.90 145.23 OK
r-devel-linux-x86_64-fedora-clang 1.0.0 244.69 NOTE
r-devel-linux-x86_64-fedora-gcc 1.0.0 230.46 NOTE
r-devel-windows-ix86+x86_64 1.0.0 60.00 225.00 285.00 OK
r-patched-linux-x86_64 1.0.0 19.56 163.58 183.14 OK
r-patched-solaris-x86 1.0.0 310.00 NOTE
r-release-linux-x86_64 1.0.0 20.38 163.36 183.74 OK
r-release-osx-x86_64 1.0.0 NOTE
r-release-windows-ix86+x86_64 1.0.0 49.00 151.00 200.00 OK
r-oldrel-osx-x86_64 1.0.0 ERROR
r-oldrel-windows-ix86+x86_64 1.0.0 51.00 158.00 209.00 OK

Check Details

Version: 1.0.0
Check: dependencies in R code
Result: NOTE
    Namespaces in Imports field not imported from:
     ‘DT’ ‘plyr’ ‘reshape’
     All declared Imports should be used.
Flavors: r-devel-linux-x86_64-fedora-clang, r-devel-linux-x86_64-fedora-gcc, r-patched-solaris-x86, r-release-osx-x86_64

Version: 1.0.0
Check: whether package can be installed
Result: ERROR
    Installation failed.
Flavor: r-oldrel-osx-x86_64