CRAN Package Check Results for Package viromeBrowser

Last updated on 2019-10-22 17:49:36 CEST.

Flavor Version Tinstall Tcheck Ttotal Status Flags
r-devel-linux-x86_64-debian-clang 1.0.0 19.29 147.15 166.44 OK
r-devel-linux-x86_64-debian-gcc 1.0.0 15.90 114.51 130.41 OK
r-devel-linux-x86_64-fedora-clang 1.0.0 168.07 NOTE
r-devel-linux-x86_64-fedora-gcc 1.0.0 202.08 NOTE
r-devel-windows-ix86+x86_64 1.0.0 39.00 208.00 247.00 OK
r-patched-linux-x86_64 1.0.0 14.80 138.28 153.08 OK
r-patched-solaris-x86 1.0.0 274.70 NOTE
r-release-linux-x86_64 1.0.0 15.91 137.03 152.94 OK
r-release-windows-ix86+x86_64 1.0.0 53.00 143.00 196.00 OK
r-release-osx-x86_64 1.0.0 ERROR
r-oldrel-windows-ix86+x86_64 1.0.0 30.00 197.00 227.00 OK
r-oldrel-osx-x86_64 1.0.0 ERROR

Check Details

Version: 1.0.0
Check: dependencies in R code
Result: NOTE
    Namespaces in Imports field not imported from:
     ‘DT’ ‘plyr’ ‘reshape’
     All declared Imports should be used.
Flavors: r-devel-linux-x86_64-fedora-clang, r-devel-linux-x86_64-fedora-gcc, r-patched-solaris-x86

Version: 1.0.0
Check: whether package can be installed
Result: ERROR
    Installation failed.
Flavor: r-release-osx-x86_64

Version: 1.0.0
Check: package dependencies
Result: ERROR
    Package required but not available: ‘Rsamtools’
    
    See section ‘The DESCRIPTION file’ in the ‘Writing R Extensions’
    manual.
Flavor: r-oldrel-osx-x86_64