CRAN Package Check Results for Package vindecodr

Last updated on 2021-03-09 04:49:04 CET.

Flavor Version Tinstall Tcheck Ttotal Status Flags
r-devel-linux-x86_64-debian-clang 0.1.1 2.03 20.92 22.95 OK
r-devel-linux-x86_64-debian-gcc 0.1.1 1.48 16.57 18.05 OK
r-devel-linux-x86_64-fedora-clang 0.1.1 38.17 OK
r-devel-linux-x86_64-fedora-gcc 0.1.1 27.55 OK
r-devel-windows-ix86+x86_64 0.1.1 5.00 34.00 39.00 OK
r-devel-windows-x86_64-gcc10-UCRT 0.1.1 OK
r-patched-linux-x86_64 0.1.1 1.79 20.39 22.18 OK
r-patched-solaris-x86 0.1.1 42.20 OK
r-release-linux-x86_64 0.1.1 1.92 20.47 22.39 OK
r-release-macos-x86_64 0.1.1 OK
r-release-windows-ix86+x86_64 0.1.1 4.00 36.00 40.00 OK
r-oldrel-macos-x86_64 0.1.1 ERROR

Check Details

Version: 0.1.1
Check: whether package can be installed
Result: ERROR
    Installation failed.
Flavor: r-oldrel-macos-x86_64