CRAN Package Check Results for Package vietnamcode

Last updated on 2019-04-21 20:48:40 CEST.

Flavor Version Tinstall Tcheck Ttotal Status Flags
r-devel-linux-x86_64-debian-clang 0.1.1 1.35 17.92 19.27 OK
r-devel-linux-x86_64-debian-gcc 0.1.1 1.15 14.50 15.65 OK
r-devel-linux-x86_64-fedora-clang 0.1.1 23.63 NOTE
r-devel-linux-x86_64-fedora-gcc 0.1.1 22.72 NOTE
r-devel-windows-ix86+x86_64 0.1.1 5.00 29.00 34.00 OK
r-patched-linux-x86_64 0.1.1 1.33 17.97 19.30 OK
r-patched-solaris-x86 0.1.1 37.60 NOTE
r-release-linux-x86_64 0.1.1 0.81 16.97 17.78 OK
r-release-windows-ix86+x86_64 0.1.1 2.00 42.00 44.00 OK
r-release-osx-x86_64 0.1.1 NOTE
r-oldrel-windows-ix86+x86_64 0.1.1 2.00 38.00 40.00 OK
r-oldrel-osx-x86_64 0.1.1 NOTE

Check Details

Version: 0.1.1
Check: data for non-ASCII characters
Result: NOTE
     Note: found 60 marked UTF-8 strings
Flavors: r-devel-linux-x86_64-fedora-clang, r-devel-linux-x86_64-fedora-gcc, r-patched-solaris-x86, r-release-osx-x86_64, r-oldrel-osx-x86_64