CRAN Package Check Results for Package vietnamcode

Last updated on 2023-03-27 06:50:24 CEST.

Flavor Version Tinstall Tcheck Ttotal Status Flags
r-devel-linux-x86_64-debian-clang 0.1.1 1.83 22.11 23.94 OK
r-devel-linux-x86_64-debian-gcc 0.1.1 1.52 17.44 18.96 OK
r-devel-linux-x86_64-fedora-clang 0.1.1 30.75 NOTE
r-devel-linux-x86_64-fedora-gcc 0.1.1 29.08 NOTE
r-patched-linux-x86_64 0.1.1 1.63 21.43 23.06 OK
r-release-linux-x86_64 0.1.1 1.94 23.15 25.09 OK
r-release-macos-arm64 0.1.1 14.00 NOTE
r-release-macos-x86_64 0.1.1 22.00 NOTE
r-release-windows-x86_64 0.1.1 19.00 55.00 74.00 OK
r-oldrel-macos-arm64 0.1.1 20.00 NOTE
r-oldrel-macos-x86_64 0.1.1 26.00 NOTE
r-oldrel-windows-ix86+x86_64 0.1.1 5.00 47.00 52.00 OK

Check Details

Version: 0.1.1
Check: data for non-ASCII characters
Result: NOTE
     Note: found 60 marked UTF-8 strings
Flavors: r-devel-linux-x86_64-fedora-clang, r-devel-linux-x86_64-fedora-gcc, r-release-macos-arm64, r-release-macos-x86_64, r-oldrel-macos-arm64, r-oldrel-macos-x86_64