CRAN Package Check Results for Package vietnamcode

Last updated on 2020-04-01 11:49:12 CEST.

Flavor Version Tinstall Tcheck Ttotal Status Flags
r-devel-linux-x86_64-debian-clang 0.1.1 1.60 20.16 21.76 OK
r-devel-linux-x86_64-debian-gcc 0.1.1 1.48 16.03 17.51 OK
r-devel-linux-x86_64-fedora-clang 0.1.1 27.72 NOTE
r-devel-linux-x86_64-fedora-gcc 0.1.1 26.90 NOTE
r-devel-windows-ix86+x86_64 0.1.1 5.00 32.00 37.00 OK
r-devel-windows-ix86+x86_64-gcc8 0.1.1 5.00 34.00 39.00 OK
r-patched-linux-x86_64 0.1.1 1.81 19.72 21.53 OK
r-patched-solaris-x86 0.1.1 44.10 NOTE
r-release-linux-x86_64 0.1.1 1.26 18.36 19.62 OK
r-release-windows-ix86+x86_64 0.1.1 4.00 46.00 50.00 OK
r-release-osx-x86_64 0.1.1 NOTE
r-oldrel-windows-ix86+x86_64 0.1.1 4.00 43.00 47.00 OK
r-oldrel-osx-x86_64 0.1.1 NOTE

Check Details

Version: 0.1.1
Check: data for non-ASCII characters
Result: NOTE
     Note: found 60 marked UTF-8 strings
Flavors: r-devel-linux-x86_64-fedora-clang, r-devel-linux-x86_64-fedora-gcc, r-patched-solaris-x86, r-release-osx-x86_64, r-oldrel-osx-x86_64