CRAN Package Check Results for Package vietnamcode

Last updated on 2019-06-24 11:56:48 CEST.

Flavor Version Tinstall Tcheck Ttotal Status Flags
r-devel-linux-x86_64-debian-clang 0.1.1 1.30 17.59 18.89 OK
r-devel-linux-x86_64-debian-gcc 0.1.1 1.20 14.52 15.72 OK
r-devel-linux-x86_64-fedora-clang 0.1.1 23.77 NOTE
r-devel-linux-x86_64-fedora-gcc 0.1.1 23.15 NOTE
r-devel-windows-ix86+x86_64 0.1.1 7.00 31.00 38.00 OK
r-patched-linux-x86_64 0.1.1 1.47 17.79 19.26 OK
r-patched-solaris-x86 0.1.1 38.80 NOTE
r-release-linux-x86_64 0.1.1 1.48 18.04 19.52 OK
r-release-windows-ix86+x86_64 0.1.1 4.00 46.00 50.00 OK
r-release-osx-x86_64 0.1.1 NOTE
r-oldrel-windows-ix86+x86_64 0.1.1 2.00 30.00 32.00 OK
r-oldrel-osx-x86_64 0.1.1 NOTE

Check Details

Version: 0.1.1
Check: data for non-ASCII characters
Result: NOTE
     Note: found 60 marked UTF-8 strings
Flavors: r-devel-linux-x86_64-fedora-clang, r-devel-linux-x86_64-fedora-gcc, r-patched-solaris-x86, r-release-osx-x86_64, r-oldrel-osx-x86_64