CRAN Package Check Results for Package viafr

Last updated on 2020-08-12 21:50:02 CEST.

Flavor Version Tinstall Tcheck Ttotal Status Flags
r-devel-linux-x86_64-debian-clang 0.2.0 0.36 2.49 2.85 ERROR
r-devel-linux-x86_64-debian-gcc 0.2.0 3.39 36.36 39.75 OK
r-devel-linux-x86_64-fedora-clang 0.2.0 68.55 NOTE
r-devel-linux-x86_64-fedora-gcc 0.2.0 60.09 NOTE
r-devel-windows-ix86+x86_64 0.2.0 11.00 88.00 99.00 OK
r-patched-linux-x86_64 0.2.0 3.64 46.41 50.05 OK
r-patched-solaris-x86 0.2.0 93.50 NOTE
r-release-linux-x86_64 0.2.0 0.52 2.23 2.75 ERROR
r-release-macos-x86_64 0.2.0 NOTE
r-release-windows-ix86+x86_64 0.2.0 18.00 70.00 88.00 OK
r-oldrel-macos-x86_64 0.2.0 NOTE
r-oldrel-windows-ix86+x86_64 0.2.0 8.00 76.00 84.00 OK

Check Details

Version: 0.2.0
Check: package dependencies
Result: ERROR
    Package required but not available: 'tidyr'
    
    See section 'The DESCRIPTION file' in the 'Writing R Extensions'
    manual.
Flavors: r-devel-linux-x86_64-debian-clang, r-release-linux-x86_64

Version: 0.2.0
Check: data for non-ASCII characters
Result: NOTE
     Note: found 2 marked UTF-8 strings
Flavors: r-devel-linux-x86_64-fedora-clang, r-devel-linux-x86_64-fedora-gcc, r-patched-solaris-x86, r-release-macos-x86_64, r-oldrel-macos-x86_64