CRAN Package Check Results for Package viafr

Last updated on 2020-01-25 06:51:33 CET.

Flavor Version Tinstall Tcheck Ttotal Status Flags
r-devel-linux-x86_64-debian-clang 0.1.0 4.55 46.57 51.12 OK
r-devel-linux-x86_64-debian-gcc 0.1.0 3.83 35.43 39.26 OK
r-devel-linux-x86_64-fedora-clang 0.1.0 61.85 NOTE
r-devel-linux-x86_64-fedora-gcc 0.1.0 58.58 NOTE
r-devel-windows-ix86+x86_64 0.1.0 20.00 102.00 122.00 OK
r-devel-windows-ix86+x86_64-gcc8 0.1.0 16.00 108.00 124.00 OK
r-patched-linux-x86_64 0.1.0 3.71 41.35 45.06 OK
r-patched-solaris-x86 0.1.0 86.60 NOTE
r-release-linux-x86_64 0.1.0 4.37 42.04 46.41 OK
r-release-windows-ix86+x86_64 0.1.0 8.00 92.00 100.00 OK
r-release-osx-x86_64 0.1.0 NOTE
r-oldrel-windows-ix86+x86_64 0.1.0 5.00 84.00 89.00 OK
r-oldrel-osx-x86_64 0.1.0 NOTE

Check Details

Version: 0.1.0
Check: data for non-ASCII characters
Result: NOTE
     Note: found 2 marked UTF-8 strings
Flavors: r-devel-linux-x86_64-fedora-clang, r-devel-linux-x86_64-fedora-gcc, r-patched-solaris-x86, r-release-osx-x86_64, r-oldrel-osx-x86_64