CRAN Package Check Results for Package via

Last updated on 2024-06-19 23:57:21 CEST.

Flavor Version Tinstall Tcheck Ttotal Status Flags
r-devel-linux-x86_64-debian-clang 0.2.0 8.05 83.49 91.54 NOTE
r-devel-linux-x86_64-debian-gcc 0.2.0 6.65 59.43 66.08 NOTE
r-devel-linux-x86_64-fedora-clang 0.2.0 117.02 NOTE
r-devel-linux-x86_64-fedora-gcc 0.2.0 104.99 NOTE
r-devel-windows-x86_64 0.2.0 8.00 81.00 89.00 NOTE
r-patched-linux-x86_64 0.2.0 7.73 78.36 86.09 NOTE
r-release-linux-x86_64 0.2.0 7.17 76.22 83.39 NOTE
r-release-macos-arm64 0.2.0 75.00 NOTE
r-release-macos-x86_64 0.2.0 130.00 NOTE
r-release-windows-x86_64 0.2.0 7.00 84.00 91.00 NOTE
r-oldrel-macos-arm64 0.2.0 83.00 OK
r-oldrel-macos-x86_64 0.2.0 318.00 OK
r-oldrel-windows-x86_64 0.2.0 8.00 102.00 110.00 OK

Check Details

Version: 0.2.0
Check: Rd files
Result: NOTE checkRd: (-1) VirtualArray-single-bracket-method.Rd:6: Lost braces 6 | \title{Indexing to extract subsets of a 'code{\link[via:XArray-class]{VirtualArray}}'-class object} | ^ checkRd: (-1) subset.Rd:20: Lost braces 20 | \item{drop}{\code{logical} in case the result of subsetting is a single element, should the \\code{\link[via:XArray-class]{VirtualArray}} wrapper be dropped?} | ^ Flavors: r-devel-linux-x86_64-debian-clang, r-devel-linux-x86_64-debian-gcc, r-devel-linux-x86_64-fedora-clang, r-devel-linux-x86_64-fedora-gcc, r-devel-windows-x86_64, r-patched-linux-x86_64, r-release-linux-x86_64, r-release-macos-arm64, r-release-macos-x86_64, r-release-windows-x86_64