CRAN Package Check Results for Package via

Last updated on 2024-02-28 12:55:14 CET.

Flavor Version Tinstall Tcheck Ttotal Status Flags
r-devel-linux-x86_64-debian-clang 0.2.0 8.19 81.74 89.93 NOTE
r-devel-linux-x86_64-debian-gcc 0.2.0 6.11 61.05 67.16 NOTE
r-devel-linux-x86_64-fedora-clang 0.2.0 107.47 NOTE
r-devel-linux-x86_64-fedora-gcc 0.2.0 111.18 NOTE
r-devel-windows-x86_64 0.2.0 7.00 83.00 90.00 OK
r-patched-linux-x86_64 0.2.0 8.45 78.32 86.77 OK
r-release-linux-x86_64 0.2.0 7.17 78.55 85.72 OK
r-release-macos-arm64 0.2.0 83.00 OK
r-release-macos-x86_64 0.2.0 318.00 OK
r-release-windows-x86_64 0.2.0 8.00 99.00 107.00 OK
r-oldrel-macos-arm64 0.2.0 93.00 OK
r-oldrel-windows-x86_64 0.2.0 15.00 102.00 117.00 OK

Check Details

Version: 0.2.0
Check: Rd files
Result: NOTE checkRd: (-1) VirtualArray-single-bracket-method.Rd:6: Lost braces 6 | \title{Indexing to extract subsets of a 'code{\link[via:XArray-class]{VirtualArray}}'-class object} | ^ checkRd: (-1) subset.Rd:20: Lost braces 20 | \item{drop}{\code{logical} in case the result of subsetting is a single element, should the \\code{\link[via:XArray-class]{VirtualArray}} wrapper be dropped?} | ^ Flavors: r-devel-linux-x86_64-debian-clang, r-devel-linux-x86_64-debian-gcc, r-devel-linux-x86_64-fedora-clang, r-devel-linux-x86_64-fedora-gcc