CRAN Package Check Results for Package vhcub

Last updated on 2024-06-14 05:58:44 CEST.

Flavor Version Tinstall Tcheck Ttotal Status Flags
r-devel-linux-x86_64-debian-clang 1.0.0 21.18 208.41 229.59 NOTE
r-devel-linux-x86_64-debian-gcc 1.0.0 0.50 1.60 2.10 ERROR
r-devel-linux-x86_64-fedora-clang 1.0.0 264.12 NOTE
r-devel-linux-x86_64-fedora-gcc 1.0.0 187.68 NOTE
r-devel-windows-x86_64 1.0.0 18.00 147.00 165.00 NOTE
r-patched-linux-x86_64 1.0.0 19.12 199.75 218.87 NOTE
r-release-linux-x86_64 1.0.0 14.02 196.94 210.96 NOTE
r-release-macos-arm64 1.0.0 74.00 NOTE
r-release-macos-x86_64 1.0.0 132.00 NOTE
r-release-windows-x86_64 1.0.0 18.00 145.00 163.00 NOTE
r-oldrel-macos-arm64 1.0.0 82.00 NOTE
r-oldrel-macos-x86_64 1.0.0 165.00 NOTE
r-oldrel-windows-x86_64 1.0.0 24.00 195.00 219.00 NOTE

Additional issues

donttest

Check Details

Version: 1.0.0
Check: LazyData
Result: NOTE 'LazyData' is specified without a 'data' directory Flavors: r-devel-linux-x86_64-debian-clang, r-devel-linux-x86_64-fedora-clang, r-devel-linux-x86_64-fedora-gcc, r-devel-windows-x86_64, r-patched-linux-x86_64, r-release-linux-x86_64, r-release-macos-arm64, r-release-macos-x86_64, r-release-windows-x86_64, r-oldrel-macos-arm64, r-oldrel-macos-x86_64, r-oldrel-windows-x86_64

Version: 1.0.0
Check: package dependencies
Result: ERROR Packages required but not available: 'coRdon', 'ggplot2', 'stringr' Package suggested but not available for checking: ‘testthat’ See section ‘The DESCRIPTION file’ in the ‘Writing R Extensions’ manual. Flavor: r-devel-linux-x86_64-debian-gcc