CRAN Package Check Results for Package vennplot

Last updated on 2024-06-13 03:49:39 CEST.

Flavor Version Tinstall Tcheck Ttotal Status Flags
r-devel-linux-x86_64-debian-clang 1.0 28.53 62.30 90.83 OK
r-devel-linux-x86_64-debian-gcc 1.0 0.33 1.67 2.00 ERROR
r-devel-linux-x86_64-fedora-clang 1.0 121.43 OK
r-devel-linux-x86_64-fedora-gcc 1.0 116.70 OK
r-devel-windows-x86_64 1.0 24.00 78.00 102.00 OK
r-patched-linux-x86_64 1.0 26.67 56.29 82.96 OK
r-release-linux-x86_64 1.0 25.76 58.32 84.08 OK
r-release-macos-arm64 1.0 32.00 OK
r-release-macos-x86_64 1.0 45.00 OK
r-release-windows-x86_64 1.0 27.00 80.00 107.00 OK
r-oldrel-macos-arm64 1.0 36.00 OK
r-oldrel-macos-x86_64 1.0 55.00 OK
r-oldrel-windows-x86_64 1.0 32.00 98.00 130.00 OK

Check Details

Version: 1.0
Check: package dependencies
Result: ERROR Package required but not available: ‘stringr’ See section ‘The DESCRIPTION file’ in the ‘Writing R Extensions’ manual. Flavor: r-devel-linux-x86_64-debian-gcc