Last updated on 2023-03-30 04:55:36 CEST.
Flavor | Version | Tinstall | Tcheck | Ttotal | Status | Flags |
---|---|---|---|---|---|---|
r-devel-linux-x86_64-debian-clang | 0.4.0 | 1.99 | 27.21 | 29.20 | OK | |
r-devel-linux-x86_64-debian-gcc | 0.4.0 | 2.00 | 21.04 | 23.04 | OK | |
r-devel-linux-x86_64-fedora-clang | 0.4.0 | 37.98 | OK | |||
r-devel-linux-x86_64-fedora-gcc | 0.4.0 | 35.60 | OK | |||
r-patched-linux-x86_64 | 0.4.0 | 2.72 | 25.91 | 28.63 | OK | |
r-release-linux-x86_64 | 0.4.0 | 2.25 | 27.02 | 29.27 | OK | |
r-release-macos-arm64 | 0.4.0 | 18.00 | OK | |||
r-release-macos-x86_64 | 0.4.0 | 23.00 | OK | |||
r-release-windows-x86_64 | 0.4.0 | 15.00 | 56.00 | 71.00 | OK | |
r-oldrel-macos-arm64 | 0.4.0 | 24.00 | OK | |||
r-oldrel-macos-x86_64 | 0.4.0 | 26.00 | OK | |||
r-oldrel-windows-ix86+x86_64 | 0.4.0 | 7.00 | 52.00 | 59.00 | NOTE |
Version: 0.4.0
Check: dependencies in R code
Result: NOTE
Initiating curl with CURL_SSL_BACKEND: openssl
Flavor: r-oldrel-windows-ix86+x86_64