Last updated on 2021-01-24 10:48:58 CET.
Flavor | Version | Tinstall | Tcheck | Ttotal | Status | Flags |
---|---|---|---|---|---|---|
r-devel-linux-x86_64-debian-clang | 1.7.7 | 31.86 | 143.07 | 174.93 | OK | |
r-devel-linux-x86_64-debian-gcc | 1.7.7 | 20.91 | 107.05 | 127.96 | OK | |
r-devel-linux-x86_64-fedora-clang | 1.7.7 | 188.98 | NOTE | |||
r-devel-linux-x86_64-fedora-gcc | 1.7.7 | 169.12 | OK | |||
r-devel-windows-ix86+x86_64 | 1.7.7 | 68.00 | 177.00 | 245.00 | OK | |
r-patched-linux-x86_64 | 1.7.7 | 24.43 | 130.46 | 154.89 | OK | |
r-patched-solaris-x86 | 1.7.7 | 249.40 | OK | |||
r-release-linux-x86_64 | 1.7.7 | 26.81 | 132.21 | 159.02 | OK | |
r-release-macos-x86_64 | 1.7.7 | OK | ||||
r-release-windows-ix86+x86_64 | 1.7.7 | 65.00 | 221.00 | 286.00 | OK | |
r-oldrel-macos-x86_64 | 1.7.7 | OK | ||||
r-oldrel-windows-ix86+x86_64 | 1.7.7 | 54.00 | 216.00 | 270.00 | OK |
Version: 1.7.7
Check: Rd cross-references
Result: NOTE
Undeclared packages ‘mclust’, ‘e1071’ in Rd xrefs
Flavor: r-devel-linux-x86_64-fedora-clang