CRAN Package Check Results for Package vegawidget

Last updated on 2019-08-24 23:48:19 CEST.

Flavor Version Tinstall Tcheck Ttotal Status Flags
r-devel-linux-x86_64-debian-clang 0.2.1 4.17 35.90 40.07 OK
r-devel-linux-x86_64-debian-gcc 0.2.1 3.12 28.65 31.77 OK
r-devel-linux-x86_64-fedora-clang 0.2.1 48.29 OK
r-devel-linux-x86_64-fedora-gcc 0.2.1 52.76 OK
r-devel-windows-ix86+x86_64 0.2.1 10.00 48.00 58.00 OK
r-patched-linux-x86_64 0.2.1 3.60 35.60 39.20 OK
r-patched-solaris-x86 0.2.1 77.90 NOTE
r-release-linux-x86_64 0.2.1 3.99 35.67 39.66 OK
r-release-windows-ix86+x86_64 0.2.1 11.00 93.00 104.00 OK
r-release-osx-x86_64 0.2.1 OK
r-oldrel-windows-ix86+x86_64 0.2.1 8.00 66.00 74.00 OK
r-oldrel-osx-x86_64 0.2.1 OK

Check Details

Version: 0.2.1
Check: package dependencies
Result: NOTE
    Package suggested but not available for checking: ‘rsvg’
Flavor: r-patched-solaris-x86