CRAN Package Check Results for Package vegawidget

Last updated on 2019-05-23 00:23:12 CEST.

Flavor Version Tinstall Tcheck Ttotal Status Flags
r-devel-linux-x86_64-debian-clang 0.1.0 3.57 33.63 37.20 OK
r-devel-linux-x86_64-debian-gcc 0.1.0 3.39 26.87 30.26 OK
r-devel-linux-x86_64-fedora-clang 0.1.0 46.97 OK
r-devel-linux-x86_64-fedora-gcc 0.1.0 42.04 OK
r-devel-windows-ix86+x86_64 0.1.0 11.00 64.00 75.00 OK
r-patched-linux-x86_64 0.1.0 4.12 32.83 36.95 OK
r-patched-solaris-x86 0.1.0 68.60 NOTE
r-release-linux-x86_64 0.1.0 3.70 32.93 36.63 OK
r-release-windows-ix86+x86_64 0.1.0 20.00 61.00 81.00 OK
r-release-osx-x86_64 0.1.0 OK
r-oldrel-windows-ix86+x86_64 0.1.0 6.00 45.00 51.00 OK
r-oldrel-osx-x86_64 0.1.0 OK

Check Details

Version: 0.1.0
Check: package dependencies
Result: NOTE
    Package suggested but not available for checking: ‘rsvg’
Flavor: r-patched-solaris-x86