CRAN Package Check Results for Package vegalite

Last updated on 2022-08-13 05:54:17 CEST.

Flavor Version Tinstall Tcheck Ttotal Status Flags
r-devel-linux-x86_64-debian-clang 0.6.1 4.45 60.23 64.68 OK
r-devel-linux-x86_64-debian-gcc 0.6.1 5.18 45.97 51.15 OK
r-devel-linux-x86_64-fedora-clang 0.6.1 87.23 OK
r-devel-linux-x86_64-fedora-gcc 0.6.1 84.65 OK
r-devel-windows-x86_64 0.6.1 59.00 100.00 159.00 OK
r-patched-linux-x86_64 0.6.1 7.23 55.86 63.09 OK
r-release-linux-x86_64 0.6.1 6.31 55.07 61.38 OK
r-release-macos-arm64 0.6.1 30.00 OK
r-release-macos-x86_64 0.6.1 42.00 OK
r-release-windows-x86_64 0.6.1 101.00 103.00 204.00 OK
r-oldrel-macos-arm64 0.6.1 630.00 OK
r-oldrel-macos-x86_64 0.6.1 49.00 OK
r-oldrel-windows-ix86+x86_64 0.6.1 13.00 87.00 100.00 ERROR

Check Details

Version: 0.6.1
Check: examples
Result: ERROR
    Running examples in 'vegalite-Ex.R' failed
    The error most likely occurred in:
    
    > ### Name: from_spec
    > ### Title: Take a JSON Vega-Lite Spec and render as an htmlwidget
    > ### Aliases: from_spec
    >
    > ### ** Examples
    >
    > from_spec("http://rud.is/dl/embedded.json")
    Warning in file(con, "r") :
     InternetOpenUrl failed: 'Die Serververbindung wurde zur├╝ckgesetzt.'
    Error in file(con, "r") : cannot open the connection
    Calls: from_spec -> readLines -> file
    Execution halted
Flavor: r-oldrel-windows-ix86+x86_64