CRAN Package Check Results for Package veccompare

Last updated on 2022-08-12 11:51:02 CEST.

Flavor Version Tinstall Tcheck Ttotal Status Flags
r-devel-linux-x86_64-debian-clang 0.1.0 2.82 35.25 38.07 OK
r-devel-linux-x86_64-debian-gcc 0.1.0 2.46 27.39 29.85 OK
r-devel-linux-x86_64-fedora-clang 0.1.0 56.59 NOTE
r-devel-linux-x86_64-fedora-gcc 0.1.0 55.13 NOTE
r-devel-windows-x86_64 0.1.0 26.00 65.00 91.00 OK
r-patched-linux-x86_64 0.1.0 2.93 34.24 37.17 OK
r-release-linux-x86_64 0.1.0 2.09 35.05 37.14 OK
r-release-macos-arm64 0.1.0 20.00 NOTE
r-release-macos-x86_64 0.1.0 28.00 NOTE
r-release-windows-x86_64 0.1.0 15.00 65.00 80.00 OK
r-oldrel-macos-arm64 0.1.0 21.00 NOTE
r-oldrel-macos-x86_64 0.1.0 35.00 NOTE
r-oldrel-windows-ix86+x86_64 0.1.0 9.00 54.00 63.00 OK

Check Details

Version: 0.1.0
Check: dependencies in R code
Result: NOTE
    Namespace in Imports field not imported from: ‘pander’
     All declared Imports should be used.
Flavors: r-devel-linux-x86_64-fedora-clang, r-devel-linux-x86_64-fedora-gcc, r-release-macos-arm64, r-release-macos-x86_64, r-oldrel-macos-arm64, r-oldrel-macos-x86_64