CRAN Package Check Results for Package vdiffr

Last updated on 2020-07-03 17:48:38 CEST.

Flavor Version Tinstall Tcheck Ttotal Status Flags
r-devel-linux-x86_64-debian-clang 0.3.2.1 40.06 35.43 75.49 OK
r-devel-linux-x86_64-debian-gcc 0.3.2.1 29.78 28.15 57.93 OK
r-devel-linux-x86_64-fedora-clang 0.3.2.1 112.60 NOTE
r-devel-linux-x86_64-fedora-gcc 0.3.2.1 99.68 NOTE
r-devel-windows-ix86+x86_64 0.3.2.1 112.00 73.00 185.00 OK
r-patched-linux-x86_64 0.3.2 30.61 52.12 82.73 OK
r-patched-solaris-x86 0.3.2 133.80 NOTE
r-release-linux-x86_64 0.3.2 31.71 51.50 83.21 OK
r-release-osx-x86_64 0.3.2 NOTE
r-release-windows-ix86+x86_64 0.3.2 79.00 108.00 187.00 OK
r-oldrel-osx-x86_64 0.3.2 NOTE
r-oldrel-windows-ix86+x86_64 0.3.2 85.00 191.00 276.00 OK

Check Details

Version: 0.3.2.1
Check: dependencies in R code
Result: NOTE
    Namespace in Imports field not imported from: ‘freetypeharfbuzz’
     All declared Imports should be used.
Flavors: r-devel-linux-x86_64-fedora-clang, r-devel-linux-x86_64-fedora-gcc

Version: 0.3.2
Check: dependencies in R code
Result: NOTE
    Namespace in Imports field not imported from: ‘freetypeharfbuzz’
     All declared Imports should be used.
Flavors: r-patched-solaris-x86, r-release-osx-x86_64, r-oldrel-osx-x86_64