Last updated on 2023-06-06 20:09:58 CEST.
Flavor | Version | Tinstall | Tcheck | Ttotal | Status | Flags |
---|---|---|---|---|---|---|
r-devel-linux-x86_64-debian-clang | 1.0.5 | 19.80 | 32.11 | 51.91 | NOTE | |
r-devel-linux-x86_64-debian-gcc | 1.0.5 | 13.33 | 25.31 | 38.64 | NOTE | |
r-devel-linux-x86_64-fedora-clang | 1.0.5 | 121.16 | NOTE | |||
r-devel-linux-x86_64-fedora-gcc | 1.0.5 | 65.42 | NOTE | |||
r-devel-windows-x86_64 | 1.0.5 | 17.00 | 67.00 | 84.00 | NOTE | |
r-patched-linux-x86_64 | 1.0.5 | 15.01 | 31.06 | 46.07 | NOTE | |
r-release-linux-x86_64 | 1.0.5 | 11.08 | 31.23 | 42.31 | NOTE | |
r-release-macos-arm64 | 1.0.5 | 75.00 | NOTE | |||
r-release-macos-x86_64 | 1.0.5 | 102.00 | NOTE | |||
r-release-windows-x86_64 | 1.0.5 | 22.00 | 75.00 | 97.00 | NOTE | |
r-oldrel-macos-arm64 | 1.0.5 | 62.00 | OK | |||
r-oldrel-macos-x86_64 | 1.0.5 | 60.00 | OK | |||
r-oldrel-windows-x86_64 | 1.0.5 | 21.00 | 71.00 | 92.00 | OK |
Version: 1.0.5
Check: C++ specification
Result: NOTE
Specified C++11: please drop specification unless essential
Flavors: r-devel-linux-x86_64-debian-clang, r-devel-linux-x86_64-debian-gcc, r-devel-linux-x86_64-fedora-clang, r-devel-linux-x86_64-fedora-gcc, r-devel-windows-x86_64, r-patched-linux-x86_64, r-release-linux-x86_64, r-release-macos-arm64, r-release-macos-x86_64, r-release-windows-x86_64