Last updated on 2023-02-07 08:57:19 CET.
Flavor | Version | Tinstall | Tcheck | Ttotal | Status | Flags |
---|---|---|---|---|---|---|
r-devel-linux-x86_64-debian-clang | 0.5.2 | 48.49 | 239.57 | 288.06 | NOTE | |
r-devel-linux-x86_64-debian-gcc | 0.5.2 | 39.54 | 176.64 | 216.18 | NOTE | |
r-devel-linux-x86_64-fedora-clang | 0.5.2 | 344.53 | NOTE | |||
r-devel-linux-x86_64-fedora-gcc | 0.5.2 | 368.18 | NOTE | |||
r-devel-windows-x86_64 | 0.5.2 | 241.00 | 343.00 | 584.00 | NOTE | |
r-patched-linux-x86_64 | 0.5.2 | 43.71 | 213.92 | 257.63 | OK | |
r-release-linux-x86_64 | 0.5.2 | 41.95 | 207.41 | 249.36 | OK | |
r-release-macos-arm64 | 0.5.2 | 70.00 | OK | |||
r-release-macos-x86_64 | 0.5.2 | 121.00 | OK | |||
r-release-windows-x86_64 | 0.5.2 | 275.00 | 292.00 | 567.00 | OK | |
r-oldrel-macos-arm64 | 0.5.2 | 68.00 | OK | |||
r-oldrel-macos-x86_64 | 0.5.2 | 123.00 | OK | |||
r-oldrel-windows-ix86+x86_64 | 0.5.2 | 142.00 | 433.00 | 575.00 | OK |
Version: 0.5.2
Check: C++ specification
Result: NOTE
Specified C++11: please update to current default of C++17
Flavors: r-devel-linux-x86_64-debian-clang, r-devel-linux-x86_64-debian-gcc, r-devel-linux-x86_64-fedora-clang, r-devel-linux-x86_64-fedora-gcc, r-devel-windows-x86_64