Last updated on 2023-03-31 16:54:04 CEST.
Flavor | Version | Tinstall | Tcheck | Ttotal | Status | Flags |
---|---|---|---|---|---|---|
r-devel-linux-x86_64-debian-clang | 1.2.0 | 25.86 | 88.92 | 114.78 | OK | |
r-devel-linux-x86_64-debian-gcc | 1.2.0 | 20.01 | 68.85 | 88.86 | OK | |
r-devel-linux-x86_64-fedora-clang | 1.2.0 | 140.56 | NOTE | |||
r-devel-linux-x86_64-fedora-gcc | 1.2.0 | 150.48 | OK | |||
r-patched-linux-x86_64 | 1.2.0 | 22.89 | 85.31 | 108.20 | OK | |
r-release-linux-x86_64 | 1.2.0 | 18.89 | 80.60 | 99.49 | OK | |
r-release-macos-arm64 | 1.2.0 | 67.00 | NOTE | |||
r-release-macos-x86_64 | 1.2.0 | 65.00 | NOTE | |||
r-release-windows-x86_64 | 1.2.0 | 105.00 | 179.00 | 284.00 | NOTE | |
r-oldrel-macos-arm64 | 1.2.0 | 77.00 | NOTE | |||
r-oldrel-macos-x86_64 | 1.2.0 | 76.00 | NOTE | |||
r-oldrel-windows-ix86+x86_64 | 1.2.0 | 39.00 | 128.00 | 167.00 | NOTE |
Version: 1.2.0
Check: installed package size
Result: NOTE
installed size is 8.2Mb
sub-directories of 1Mb or more:
doc 7.1Mb
Flavors: r-devel-linux-x86_64-fedora-clang, r-release-macos-arm64, r-release-macos-x86_64, r-release-windows-x86_64, r-oldrel-macos-arm64, r-oldrel-macos-x86_64, r-oldrel-windows-ix86+x86_64
Version: 1.2.0
Check: R code for possible problems
Result: NOTE
Initiating curl with CURL_SSL_BACKEND: openssl
Flavor: r-oldrel-windows-ix86+x86_64