CRAN Package Check Results for Package varitas

Last updated on 2024-02-29 17:22:38 CET.

Flavor Version Tinstall Tcheck Ttotal Status Flags
r-devel-linux-x86_64-debian-clang 0.0.2 7.22 65.08 72.30 NOTE
r-devel-linux-x86_64-debian-gcc 0.0.2 6.61 49.91 56.52 NOTE
r-devel-linux-x86_64-fedora-clang 0.0.2 92.54 NOTE
r-devel-linux-x86_64-fedora-gcc 0.0.2 102.61 NOTE
r-devel-windows-x86_64 0.0.2 9.00 80.00 89.00 OK
r-patched-linux-x86_64 0.0.2 7.74 63.27 71.01 OK
r-release-linux-x86_64 0.0.2 4.72 62.73 67.45 OK
r-release-macos-arm64 0.0.2 36.00 OK
r-release-macos-x86_64 0.0.2 53.00 OK
r-release-windows-x86_64 0.0.2 11.00 88.00 99.00 OK
r-oldrel-macos-arm64 0.0.2 27.00 OK
r-oldrel-windows-x86_64 0.0.2 10.00 84.00 94.00 OK

Check Details

Version: 0.0.2
Check: Rd files
Result: NOTE checkRd: (-1) get.miniseq.sample.files.Rd:15: Lost braces 15 | \item{file.suffix}{Regex expression for end of file name. For example, `file.suffix = '_S\\d{1,2}_.*_R1_.*'` will match R1 files.1 files.} | ^ Flavors: r-devel-linux-x86_64-debian-clang, r-devel-linux-x86_64-debian-gcc, r-devel-linux-x86_64-fedora-clang, r-devel-linux-x86_64-fedora-gcc