Last updated on 2023-03-23 18:49:28 CET.
Flavor | Version | Tinstall | Tcheck | Ttotal | Status | Flags |
---|---|---|---|---|---|---|
r-devel-linux-x86_64-debian-clang | 0.3-1 | 5.91 | 54.86 | 60.77 | NOTE | |
r-devel-linux-x86_64-debian-gcc | 0.3-1 | 5.59 | 43.03 | 48.62 | NOTE | |
r-devel-linux-x86_64-fedora-clang | 0.3-1 | 81.42 | NOTE | |||
r-devel-linux-x86_64-fedora-gcc | 0.3-1 | 76.87 | NOTE | |||
r-patched-linux-x86_64 | 0.3-1 | 6.66 | 53.98 | 60.64 | NOTE | |
r-release-linux-x86_64 | 0.3-1 | 4.76 | 53.17 | 57.93 | NOTE | |
r-release-macos-arm64 | 0.3-1 | 23.00 | NOTE | |||
r-release-macos-x86_64 | 0.3-1 | 42.00 | NOTE | |||
r-release-windows-x86_64 | 0.3-1 | 13.00 | 109.00 | 122.00 | NOTE | |
r-oldrel-macos-arm64 | 0.3-1 | 31.00 | NOTE | |||
r-oldrel-macos-x86_64 | 0.3-1 | 48.00 | NOTE | |||
r-oldrel-windows-ix86+x86_64 | 0.3-1 | 14.00 | 85.00 | 99.00 | NOTE |
Version: 0.3-1
Check: LazyData
Result: NOTE
'LazyData' is specified without a 'data' directory
Flavors: r-devel-linux-x86_64-debian-clang, r-devel-linux-x86_64-debian-gcc, r-devel-linux-x86_64-fedora-clang, r-devel-linux-x86_64-fedora-gcc, r-patched-linux-x86_64, r-release-linux-x86_64, r-release-macos-arm64, r-release-macos-x86_64, r-release-windows-x86_64, r-oldrel-macos-arm64, r-oldrel-macos-x86_64, r-oldrel-windows-ix86+x86_64