CRAN Package Check Results for Package variosig

Last updated on 2024-03-05 02:53:32 CET.

Flavor Version Tinstall Tcheck Ttotal Status Flags
r-devel-linux-x86_64-debian-clang 0.3-1 7.24 57.17 64.41 NOTE
r-devel-linux-x86_64-debian-gcc 0.3-1 5.00 43.39 48.39 NOTE
r-devel-linux-x86_64-fedora-clang 0.3-1 79.07 NOTE
r-devel-linux-x86_64-fedora-gcc 0.3-1 75.91 NOTE
r-devel-windows-x86_64 0.3-1 6.00 67.00 73.00 NOTE
r-patched-linux-x86_64 0.3-1 3.79 55.59 59.38 NOTE
r-release-linux-x86_64 0.3-1 4.11 54.28 58.39 NOTE
r-release-macos-arm64 0.3-1 28.00 NOTE
r-release-macos-x86_64 0.3-1 39.00 NOTE
r-release-windows-x86_64 0.3-1 9.00 73.00 82.00 NOTE
r-oldrel-macos-arm64 0.3-1 23.00 NOTE
r-oldrel-windows-x86_64 0.3-1 8.00 75.00 83.00 NOTE

Check Details

Version: 0.3-1
Check: LazyData
Result: NOTE 'LazyData' is specified without a 'data' directory Flavors: r-devel-linux-x86_64-debian-clang, r-devel-linux-x86_64-debian-gcc, r-devel-linux-x86_64-fedora-clang, r-devel-linux-x86_64-fedora-gcc, r-devel-windows-x86_64, r-patched-linux-x86_64, r-release-linux-x86_64, r-release-macos-arm64, r-release-macos-x86_64, r-release-windows-x86_64, r-oldrel-macos-arm64, r-oldrel-windows-x86_64