Last updated on 2023-03-27 08:51:30 CEST.
Flavor | Version | Tinstall | Tcheck | Ttotal | Status | Flags |
---|---|---|---|---|---|---|
r-devel-linux-x86_64-debian-clang | 0.2.1 | 2.90 | 23.62 | 26.52 | NOTE | |
r-devel-linux-x86_64-debian-gcc | 0.2.1 | 1.82 | 18.67 | 20.49 | NOTE | |
r-devel-linux-x86_64-fedora-clang | 0.2.1 | 33.55 | NOTE | |||
r-devel-linux-x86_64-fedora-gcc | 0.2.1 | 32.04 | NOTE | |||
r-patched-linux-x86_64 | 0.2.1 | 1.99 | 23.08 | 25.07 | NOTE | |
r-release-linux-x86_64 | 0.2.1 | 2.36 | 24.49 | 26.85 | NOTE | |
r-release-macos-arm64 | 0.2.1 | 14.00 | NOTE | |||
r-release-macos-x86_64 | 0.2.1 | 22.00 | NOTE | |||
r-release-windows-x86_64 | 0.2.1 | 11.00 | 46.00 | 57.00 | NOTE | |
r-oldrel-macos-arm64 | 0.2.1 | 16.00 | NOTE | |||
r-oldrel-macos-x86_64 | 0.2.1 | 29.00 | NOTE | |||
r-oldrel-windows-ix86+x86_64 | 0.2.1 | 7.00 | 44.00 | 51.00 | NOTE |
Version: 0.2.1
Check: LazyData
Result: NOTE
'LazyData' is specified without a 'data' directory
Flavors: r-devel-linux-x86_64-debian-clang, r-devel-linux-x86_64-debian-gcc, r-devel-linux-x86_64-fedora-clang, r-devel-linux-x86_64-fedora-gcc, r-patched-linux-x86_64, r-release-linux-x86_64, r-release-macos-arm64, r-release-macos-x86_64, r-release-windows-x86_64, r-oldrel-macos-arm64, r-oldrel-macos-x86_64, r-oldrel-windows-ix86+x86_64