CRAN Package Check Results for Package varband

Last updated on 2021-12-04 09:53:20 CET.

Flavor Version Tinstall Tcheck Ttotal Status Flags
r-devel-linux-x86_64-debian-clang 0.9.0 30.79 66.45 97.24 NOTE
r-devel-linux-x86_64-debian-gcc 0.9.0 21.98 49.91 71.89 NOTE
r-devel-linux-x86_64-fedora-clang 0.9.0 136.80 NOTE
r-devel-linux-x86_64-fedora-gcc 0.9.0 116.30 NOTE
r-devel-windows-x86_64-new-UL 0.9.0 45.00 126.00 171.00 NOTE
r-devel-windows-x86_64-new-TK 0.9.0 NOTE
r-devel-windows-x86_64-old 0.9.0 45.00 75.00 120.00 NOTE
r-patched-linux-x86_64 0.9.0 28.67 54.14 82.81 NOTE
r-release-linux-x86_64 0.9.0 28.38 54.58 82.96 NOTE
r-release-macos-arm64 0.9.0 NOTE
r-release-macos-x86_64 0.9.0 NOTE
r-release-windows-ix86+x86_64 0.9.0 84.00 125.00 209.00 NOTE
r-oldrel-macos-x86_64 0.9.0 OK
r-oldrel-windows-ix86+x86_64 0.9.0 85.00 117.00 202.00 OK

Check Details

Version: 0.9.0
Check: LazyData
Result: NOTE
     'LazyData' is specified without a 'data' directory
Flavors: r-devel-linux-x86_64-debian-clang, r-devel-linux-x86_64-debian-gcc, r-devel-linux-x86_64-fedora-clang, r-devel-linux-x86_64-fedora-gcc, r-devel-windows-x86_64-new-UL, r-devel-windows-x86_64-new-TK, r-devel-windows-x86_64-old, r-patched-linux-x86_64, r-release-linux-x86_64, r-release-macos-arm64, r-release-macos-x86_64, r-release-windows-ix86+x86_64

Version: 0.9.0
Check: compiled code
Result: NOTE
    File ‘varband/libs/varband.so’:
     Found no calls to: ‘R_registerRoutines’, ‘R_useDynamicSymbols’
    
    It is good practice to register native routines and to disable symbol
    search.
    
    See ‘Writing portable packages’ in the ‘Writing R Extensions’ manual.
Flavors: r-devel-linux-x86_64-fedora-clang, r-devel-linux-x86_64-fedora-gcc