Last updated on 2023-03-22 04:53:01 CET.
Flavor | Version | Tinstall | Tcheck | Ttotal | Status | Flags |
---|---|---|---|---|---|---|
r-devel-linux-x86_64-debian-clang | 0.7-8 | 2.47 | 41.85 | 44.32 | NOTE | |
r-devel-linux-x86_64-debian-gcc | 0.7-8 | 2.42 | 33.88 | 36.30 | NOTE | |
r-devel-linux-x86_64-fedora-clang | 0.7-8 | 55.99 | NOTE | |||
r-devel-linux-x86_64-fedora-gcc | 0.7-8 | 53.41 | NOTE | |||
r-patched-linux-x86_64 | 0.7-8 | 2.95 | 41.85 | 44.80 | OK | |
r-release-linux-x86_64 | 0.7-8 | 2.75 | 40.73 | 43.48 | OK | |
r-release-macos-arm64 | 0.7-8 | 21.00 | OK | |||
r-release-macos-x86_64 | 0.7-8 | 29.00 | OK | |||
r-release-windows-x86_64 | 0.7-8 | 15.00 | 73.00 | 88.00 | OK | |
r-oldrel-macos-arm64 | 0.7-8 | 25.00 | OK | |||
r-oldrel-macos-x86_64 | 0.7-8 | 48.00 | OK | |||
r-oldrel-windows-ix86+x86_64 | 0.7-8 | 9.00 | 68.00 | 77.00 | OK |
Version: 0.7-8
Check: Rd files
Result: NOTE
checkRd: (-1) randomVarImpsRFplot.Rd:97: Escaped LaTeX specials: \&
checkRd: (-1) varSelImpSpecRF.Rd:83: Escaped LaTeX specials: \&
Flavors: r-devel-linux-x86_64-debian-clang, r-devel-linux-x86_64-debian-gcc, r-devel-linux-x86_64-fedora-clang, r-devel-linux-x86_64-fedora-gcc