Last updated on 2023-12-06 16:53:30 CET.
Flavor | Version | Tinstall | Tcheck | Ttotal | Status | Flags |
---|---|---|---|---|---|---|
r-devel-linux-x86_64-debian-clang | 0.9.5 | 137.97 | 68.25 | 206.22 | OK | |
r-devel-linux-x86_64-debian-gcc | 0.9.5 | 91.64 | 51.78 | 143.42 | OK | |
r-devel-linux-x86_64-fedora-clang | 0.9.5 | 286.50 | OK | |||
r-devel-linux-x86_64-fedora-gcc | 0.9.5 | 298.95 | OK | |||
r-devel-windows-x86_64 | 0.9.5 | 125.00 | 550.00 | 675.00 | NOTE | |
r-patched-linux-x86_64 | 0.9.5 | 121.98 | 65.52 | 187.50 | OK | |
r-release-linux-x86_64 | 0.9.5 | 118.08 | 66.32 | 184.40 | OK | |
r-release-macos-arm64 | 0.9.5 | 123.00 | NOTE | |||
r-release-macos-x86_64 | 0.9.5 | 158.00 | NOTE | |||
r-release-windows-x86_64 | 0.9.5 | 160.00 | 703.00 | 863.00 | NOTE | |
r-oldrel-macos-arm64 | 0.9.5 | 112.00 | NOTE | |||
r-oldrel-macos-x86_64 | 0.9.5 | 138.00 | NOTE | |||
r-oldrel-windows-x86_64 | 0.9.5 | 173.00 | 556.00 | 729.00 | NOTE |
Version: 0.9.5
Check: installed package size
Result: NOTE
installed size is 103.4Mb
sub-directories of 1Mb or more:
extdata 2.8Mb
gdal 3.0Mb
libs 88.0Mb
proj 8.3Mb
Flavors: r-devel-windows-x86_64, r-release-macos-arm64, r-release-macos-x86_64, r-release-windows-x86_64, r-oldrel-macos-arm64, r-oldrel-macos-x86_64, r-oldrel-windows-x86_64