CRAN Package Check Results for Package valaddin

Last updated on 2021-06-25 01:50:07 CEST.

Flavor Version Tinstall Tcheck Ttotal Status Flags
r-devel-linux-x86_64-debian-clang 1.0.1 5.14 61.37 66.51 NOTE
r-devel-linux-x86_64-debian-gcc 1.0.1 4.07 46.04 50.11 NOTE
r-devel-linux-x86_64-fedora-clang 1.0.1 85.87 NOTE
r-devel-linux-x86_64-fedora-gcc 1.0.1 77.90 NOTE
r-devel-windows-x86_64 1.0.1 8.00 63.00 71.00 NOTE
r-devel-windows-x86_64-gcc10-UCRT 1.0.1 NOTE
r-patched-linux-x86_64 1.0.1 5.08 58.80 63.88 NOTE
r-patched-solaris-x86 1.0.1 101.70 NOTE
r-release-linux-x86_64 1.0.1 5.12 58.90 64.02 NOTE
r-release-macos-arm64 1.0.1 NOTE
r-release-macos-x86_64 1.0.1 NOTE
r-release-windows-ix86+x86_64 1.0.1 10.00 73.00 83.00 NOTE
r-oldrel-macos-x86_64 1.0.1 OK
r-oldrel-windows-ix86+x86_64 1.0.1 11.00 95.00 106.00 OK

Check Details

Version: 1.0.1
Check: LazyData
Result: NOTE
     'LazyData' is specified without a 'data' directory
Flavors: r-devel-linux-x86_64-debian-clang, r-devel-linux-x86_64-debian-gcc, r-devel-linux-x86_64-fedora-clang, r-devel-linux-x86_64-fedora-gcc, r-devel-windows-x86_64, r-devel-windows-x86_64-gcc10-UCRT, r-patched-linux-x86_64, r-patched-solaris-x86, r-release-linux-x86_64, r-release-macos-arm64, r-release-macos-x86_64, r-release-windows-ix86+x86_64