CRAN Package Check Results for Package vagalumeR

Last updated on 2022-10-02 11:11:36 CEST.

Flavor Version Tinstall Tcheck Ttotal Status Flags
r-devel-linux-x86_64-debian-clang 0.1.6 2.26 22.78 25.04 NOTE
r-devel-linux-x86_64-debian-gcc 0.1.6 1.79 18.09 19.88 NOTE
r-devel-linux-x86_64-fedora-clang 0.1.6 43.43 NOTE
r-devel-linux-x86_64-fedora-gcc 0.1.6 41.96 NOTE
r-devel-windows-x86_64 0.1.6 10.00 48.00 58.00 NOTE
r-patched-linux-x86_64 0.1.6 1.97 22.02 23.99 NOTE
r-release-linux-x86_64 0.1.6 1.78 21.76 23.54 NOTE
r-release-macos-arm64 0.1.6 15.00 NOTE
r-release-macos-x86_64 0.1.6 27.00 NOTE
r-release-windows-x86_64 0.1.6 5.00 50.00 55.00 NOTE
r-oldrel-macos-arm64 0.1.6 18.00 NOTE
r-oldrel-macos-x86_64 0.1.6 21.00 NOTE
r-oldrel-windows-ix86+x86_64 0.1.6 7.00 45.00 52.00 NOTE

Check Details

Version: 0.1.6
Check: LazyData
Result: NOTE
     'LazyData' is specified without a 'data' directory
Flavors: r-devel-linux-x86_64-debian-clang, r-devel-linux-x86_64-debian-gcc, r-devel-linux-x86_64-fedora-clang, r-devel-linux-x86_64-fedora-gcc, r-devel-windows-x86_64, r-patched-linux-x86_64, r-release-linux-x86_64, r-release-macos-arm64, r-release-macos-x86_64, r-release-windows-x86_64, r-oldrel-macos-arm64, r-oldrel-macos-x86_64, r-oldrel-windows-ix86+x86_64