CRAN Package Check Results for Package usethis

Last updated on 2020-07-03 17:48:38 CEST.

Flavor Version Tinstall Tcheck Ttotal Status Flags
r-devel-linux-x86_64-debian-clang 1.6.1 8.39 101.44 109.83 OK
r-devel-linux-x86_64-debian-gcc 1.6.1 6.29 75.60 81.89 OK
r-devel-linux-x86_64-fedora-clang 1.6.1 114.39 NOTE
r-devel-linux-x86_64-fedora-gcc 1.6.1 145.35 OK
r-devel-windows-ix86+x86_64 1.6.1 27.00 125.00 152.00 OK
r-patched-linux-x86_64 1.6.1 7.88 99.07 106.95 OK
r-patched-solaris-x86 1.6.1 139.80 OK
r-release-linux-x86_64 1.6.1 8.55 99.17 107.72 OK
r-release-osx-x86_64 1.6.1 OK
r-release-windows-ix86+x86_64 1.6.1 15.00 124.00 139.00 OK
r-oldrel-osx-x86_64 1.6.1 OK
r-oldrel-windows-ix86+x86_64 1.6.1 24.00 204.00 228.00 OK

Check Details

Version: 1.6.1
Check: Rd cross-references
Result: NOTE
    Undeclared package ‘devtools’ in Rd xrefs
Flavor: r-devel-linux-x86_64-fedora-clang