CRAN Package Check Results for Package userfriendlyscience

Last updated on 2020-01-25 06:51:33 CET.

Flavor Version Tinstall Tcheck Ttotal Status Flags
r-devel-linux-x86_64-debian-clang 0.7.2 36.50 268.78 305.28 OK
r-devel-linux-x86_64-debian-gcc 0.7.2 33.71 199.29 233.00 OK
r-devel-linux-x86_64-fedora-clang 0.7.2 362.91 NOTE
r-devel-linux-x86_64-fedora-gcc 0.7.2 342.82 OK
r-devel-windows-ix86+x86_64 0.7.2 95.00 371.00 466.00 OK
r-devel-windows-ix86+x86_64-gcc8 0.7.2 100.00 299.00 399.00 OK
r-patched-linux-x86_64 0.7.2 29.53 234.37 263.90 OK
r-patched-solaris-x86 0.7.2 374.60 OK
r-release-linux-x86_64 0.7.2 31.24 232.58 263.82 OK
r-release-windows-ix86+x86_64 0.7.2 56.00 334.00 390.00 OK
r-release-osx-x86_64 0.7.2 OK
r-oldrel-windows-ix86+x86_64 0.7.2 45.00 231.00 276.00 OK
r-oldrel-osx-x86_64 0.7.2 OK

Check Details

Version: 0.7.2
Check: package dependencies
Result: NOTE
    Imports includes 32 non-default packages.
    Importing from so many packages makes the package vulnerable to any of
    them becoming unavailable. Move as many as possible to Suggests and
    use conditionally.
Flavor: r-devel-linux-x86_64-fedora-clang