CRAN Package Check Results for Package userfriendlyscience

Last updated on 2020-06-03 07:51:30 CEST.

Flavor Version Tinstall Tcheck Ttotal Status Flags
r-devel-linux-x86_64-debian-clang 0.7.2 31.51 255.42 286.93 OK
r-devel-linux-x86_64-debian-gcc 0.7.2 29.25 190.89 220.14 OK
r-devel-linux-x86_64-fedora-clang 0.7.2 346.82 NOTE
r-devel-linux-x86_64-fedora-gcc 0.7.2 360.68 OK
r-devel-windows-ix86+x86_64 0.7.2 88.00 365.00 453.00 OK
r-patched-linux-x86_64 0.7.2 38.28 249.77 288.05 OK
r-patched-solaris-x86 0.7.2 420.40 OK
r-release-linux-x86_64 0.7.2 35.91 250.47 286.38 OK
r-release-osx-x86_64 0.7.2 OK
r-release-windows-ix86+x86_64 0.7.2 63.00 268.00 331.00 OK
r-oldrel-osx-x86_64 0.7.2 OK
r-oldrel-windows-ix86+x86_64 0.7.2 51.00 248.00 299.00 OK

Check Details

Version: 0.7.2
Check: package dependencies
Result: NOTE
    Imports includes 32 non-default packages.
    Importing from so many packages makes the package vulnerable to any of
    them becoming unavailable. Move as many as possible to Suggests and
    use conditionally.
Flavor: r-devel-linux-x86_64-fedora-clang