Last updated on 2021-03-09 04:49:04 CET.
Flavor | Version | Tinstall | Tcheck | Ttotal | Status | Flags |
---|---|---|---|---|---|---|
r-devel-linux-x86_64-debian-clang | 0.1.0 | 12.24 | 118.30 | 130.54 | OK | |
r-devel-linux-x86_64-debian-gcc | 0.1.0 | 11.10 | 86.74 | 97.84 | OK | |
r-devel-linux-x86_64-fedora-clang | 0.1.0 | 163.48 | NOTE | |||
r-devel-linux-x86_64-fedora-gcc | 0.1.0 | 150.14 | NOTE | |||
r-devel-windows-ix86+x86_64 | 0.1.0 | 33.00 | 138.00 | 171.00 | OK | |
r-devel-windows-x86_64-gcc10-UCRT | 0.1.0 | NOTE | ||||
r-patched-linux-x86_64 | 0.1.0 | 12.02 | 107.03 | 119.05 | OK | |
r-patched-solaris-x86 | 0.1.0 | 222.20 | NOTE | |||
r-release-linux-x86_64 | 0.1.0 | 11.99 | 108.08 | 120.07 | OK | |
r-release-macos-x86_64 | 0.1.0 | NOTE | ||||
r-release-windows-ix86+x86_64 | 0.1.0 | 24.00 | 122.00 | 146.00 | OK | |
r-oldrel-macos-x86_64 | 0.1.0 | NOTE | ||||
r-oldrel-windows-ix86+x86_64 | 0.1.0 | 22.00 | 93.00 | 115.00 | OK |
Version: 0.1.0
Check: dependencies in R code
Result: NOTE
Namespace in Imports field not imported from: ‘cli’
All declared Imports should be used.
Flavors: r-devel-linux-x86_64-fedora-clang, r-devel-linux-x86_64-fedora-gcc, r-devel-windows-x86_64-gcc10-UCRT, r-patched-solaris-x86, r-release-macos-x86_64, r-oldrel-macos-x86_64