CRAN Package Check Results for Package usedist

Last updated on 2023-12-11 05:52:11 CET.

Flavor Version Tinstall Tcheck Ttotal Status Flags
r-devel-linux-x86_64-debian-clang 0.4.0 1.65 26.67 28.32 NOTE
r-devel-linux-x86_64-debian-gcc 0.4.0 1.62 20.60 22.22 NOTE
r-devel-linux-x86_64-fedora-clang 0.4.0 36.51 NOTE
r-devel-linux-x86_64-fedora-gcc 0.4.0 33.98 NOTE
r-devel-windows-x86_64 0.4.0 2.00 44.00 46.00 NOTE
r-patched-linux-x86_64 0.4.0 2.47 26.46 28.93 NOTE
r-release-linux-x86_64 0.4.0 2.29 26.38 28.67 NOTE
r-release-macos-arm64 0.4.0 17.00 NOTE
r-release-macos-x86_64 0.4.0 23.00 NOTE
r-release-windows-x86_64 0.4.0 3.00 44.00 47.00 NOTE
r-oldrel-macos-arm64 0.4.0 17.00 NOTE
r-oldrel-macos-x86_64 0.4.0 24.00 NOTE
r-oldrel-windows-x86_64 0.4.0 4.00 46.00 50.00 NOTE

Check Details

Version: 0.4.0
Check: LazyData
Result: NOTE 'LazyData' is specified without a 'data' directory Flavors: r-devel-linux-x86_64-debian-clang, r-devel-linux-x86_64-debian-gcc, r-devel-linux-x86_64-fedora-clang, r-devel-linux-x86_64-fedora-gcc, r-devel-windows-x86_64, r-patched-linux-x86_64, r-release-linux-x86_64, r-release-macos-arm64, r-release-macos-x86_64, r-release-windows-x86_64, r-oldrel-macos-arm64, r-oldrel-macos-x86_64, r-oldrel-windows-x86_64