CRAN Package Check Results for Package usdarnass

Last updated on 2025-01-18 16:48:37 CET.

Flavor Version Tinstall Tcheck Ttotal Status Flags
r-devel-linux-x86_64-debian-clang 0.1.0 1.96 25.46 27.42 OK
r-devel-linux-x86_64-debian-gcc 0.1.0 1.45 20.85 22.30 OK
r-devel-linux-x86_64-fedora-clang 0.1.0 47.20 OK
r-devel-linux-x86_64-fedora-gcc 0.1.0 58.11 OK
r-devel-windows-x86_64 0.1.0 4.00 51.00 55.00 OK
r-patched-linux-x86_64 0.1.0 1.90 24.36 26.26 NOTE
r-release-linux-x86_64 0.1.0 1.79 24.52 26.31 NOTE
r-release-macos-arm64 0.1.0 25.00 NOTE
r-release-macos-x86_64 0.1.0 35.00 NOTE
r-release-windows-x86_64 0.1.0 3.00 60.00 63.00 NOTE
r-oldrel-macos-arm64 0.1.0 25.00 NOTE
r-oldrel-macos-x86_64 0.1.0 34.00 NOTE
r-oldrel-windows-x86_64 0.1.0 5.00 50.00 55.00 NOTE

Check Details

Version: 0.1.0
Check: LazyData
Result: NOTE 'LazyData' is specified without a 'data' directory Flavors: r-patched-linux-x86_64, r-release-linux-x86_64, r-release-macos-arm64, r-release-macos-x86_64, r-release-windows-x86_64, r-oldrel-macos-arm64, r-oldrel-macos-x86_64, r-oldrel-windows-x86_64