CRAN Package Check Results for Package usdarnass

Last updated on 2024-04-14 20:53:18 CEST.

Flavor Version Tinstall Tcheck Ttotal Status Flags
r-devel-linux-x86_64-debian-clang 0.1.0 2.71 31.44 34.15 NOTE
r-devel-linux-x86_64-debian-gcc 0.1.0 1.91 24.86 26.77 NOTE
r-devel-linux-x86_64-fedora-clang 0.1.0 44.32 NOTE
r-devel-linux-x86_64-fedora-gcc 0.1.0 55.48 NOTE
r-devel-windows-x86_64 0.1.0 3.00 47.00 50.00 NOTE
r-patched-linux-x86_64 0.1.0 2.16 31.26 33.42 NOTE
r-release-linux-x86_64 0.1.0 1.49 28.95 30.44 NOTE
r-release-macos-arm64 0.1.0 25.00 NOTE
r-release-macos-x86_64 0.1.0 34.00 NOTE
r-release-windows-x86_64 0.1.0 4.00 43.00 47.00 NOTE
r-oldrel-macos-arm64 0.1.0 17.00 NOTE
r-oldrel-windows-x86_64 0.1.0 4.00 48.00 52.00 NOTE

Check Details

Version: 0.1.0
Check: LazyData
Result: NOTE 'LazyData' is specified without a 'data' directory Flavors: r-devel-linux-x86_64-debian-clang, r-devel-linux-x86_64-debian-gcc, r-devel-linux-x86_64-fedora-clang, r-devel-linux-x86_64-fedora-gcc, r-devel-windows-x86_64, r-patched-linux-x86_64, r-release-linux-x86_64, r-release-macos-arm64, r-release-macos-x86_64, r-release-windows-x86_64, r-oldrel-macos-arm64, r-oldrel-windows-x86_64